{"id":7033,"date":"2023-07-26T12:02:26","date_gmt":"2023-07-26T10:02:26","guid":{"rendered":"https:\/\/radio-aviva.com\/perpignan\/blog\/podcast\/championnat-monde-mma-gerome-pourrut-organisateur-championnat-monde\/"},"modified":"2023-07-26T13:01:19","modified_gmt":"2023-07-26T11:01:19","slug":"championnat-du-monde-de-mma-jerome-pourrut-copresident-hexagone-mma","status":"publish","type":"podcast","link":"https:\/\/radio-aviva.com\/perpignan\/podcast\/championnat-du-monde-de-mma-jerome-pourrut-copresident-hexagone-mma\/","title":{"rendered":"CHAMPIONNAT DU MONDE DE MMA &#8211; J\u00c9R\u00d4ME POURRUT, CO-PR\u00c9SIDENT DE HEXAGONE MMA"},"content":{"rendered":"<p>&nbsp;<\/p>\n<p>Ce mercredi 26 juillet 2023, l&rsquo;<strong>Invit\u00e9 Sportif<\/strong>, au micro de Sydney BITON est Mr <strong>J\u00e9r\u00f4me POURRUT<\/strong>, co-pr\u00e9sident de Hexagonne MMA, qui organise ce championnat du monde de MMA. Il vient nous parler de ce grand \u00e9v\u00e8nement qui sera accueilli par les Ar\u00e8nes de B\u00e9ziers le 4 ao\u00fbt prochain. Le premier combat d\u00e9bute \u00e0 20h.<\/p>\n<p>Pour plus d&rsquo;infos :\u00a0<a href=\"https:\/\/hexagonemma.fr\/hexagone-mma-event\/hexagone-mma-beziers\/\">https:\/\/hexagonemma.fr\/hexagone-mma-event\/hexagone-mma-beziers\/<\/a><\/p>\n","protected":false},"author":1,"featured_media":0,"template":"","tags":[],"podcastfilter":[244,187,87,188],"class_list":["post-7033","podcast","type-podcast","status-publish","hentry","podcastfilter-championnat","podcastfilter-linvite-sportif","podcastfilter-montpellier","podcastfilter-sport"],"_links":{"self":[{"href":"https:\/\/radio-aviva.com\/perpignan\/wp-json\/wp\/v2\/podcast\/7033","targetHints":{"allow":["GET"]}}],"collection":[{"href":"https:\/\/radio-aviva.com\/perpignan\/wp-json\/wp\/v2\/podcast"}],"about":[{"href":"https:\/\/radio-aviva.com\/perpignan\/wp-json\/wp\/v2\/types\/podcast"}],"author":[{"embeddable":true,"href":"https:\/\/radio-aviva.com\/perpignan\/wp-json\/wp\/v2\/users\/1"}],"version-history":[{"count":0,"href":"https:\/\/radio-aviva.com\/perpignan\/wp-json\/wp\/v2\/podcast\/7033\/revisions"}],"wp:attachment":[{"href":"https:\/\/radio-aviva.com\/perpignan\/wp-json\/wp\/v2\/media?parent=7033"}],"wp:term":[{"taxonomy":"post_tag","embeddable":true,"href":"https:\/\/radio-aviva.com\/perpignan\/wp-json\/wp\/v2\/tags?post=7033"},{"taxonomy":"podcastfilter","embeddable":true,"href":"https:\/\/radio-aviva.com\/perpignan\/wp-json\/wp\/v2\/podcastfilter?post=7033"}],"curies":[{"name":"wp","href":"https:\/\/api.w.org\/{rel}","templated":true}]}}

CHAMPIONNAT DU MONDE DE MMA &#8211; JÉRÔME POURRUT, CO-PRÉSIDENT DE HEXAGONE MMA

<p>&nbsp;</p>
<p>Ce mercredi 26 juillet 2023, l&rsquo;<strong>Invité Sportif</strong>, au micro de Sydney BITON est Mr <strong>Jérôme POURRUT</strong>, co-président de Hexagonne MMA, qui organise ce championnat du monde de MMA. Il vient nous parler de ce grand évènement qui sera accueilli par les Arènes de Béziers le 4 août prochain. Le premier combat débute à 20h.</p>
<p>Pour plus d&rsquo;infos : <a href="https://hexagonemma.fr/hexagone-mma-event/hexagone-mma-beziers/">https://hexagonemma.fr/hexagone-mma-event/hexagone-mma-beziers/</a></p>
