{"id":7040,"date":"2023-07-26T15:21:23","date_gmt":"2023-07-26T14:21:23","guid":{"rendered":"https:\/\/radio-aviva.com\/perpignan\/blog\/podcast\/festival-les-nuits-do-audrey-reina-responsable-communication\/"},"modified":"2024-12-20T16:16:04","modified_gmt":"2024-12-20T15:16:04","slug":"festival-les-nuits-do-audrey-reina-coordinatrice-artistique-prog-musique-et-cinema","status":"publish","type":"podcast","link":"https:\/\/radio-aviva.com\/perpignan\/podcast\/festival-les-nuits-do-audrey-reina-coordinatrice-artistique-prog-musique-et-cinema\/","title":{"rendered":"FESTIVAL LES NUITS D&rsquo;O &#8211; AUDREY REINA, COORDINATRICE ARTISTIQUE, PROG MUSIQUE ET CINEMA"},"content":{"rendered":"<p>Dans cette \u00e9mission Culture &amp; Compagnie, nous recevons Audrey Reina, coordinatrice artistique &amp; programmatrice Musique et Cin\u00e9ma. Elle pr\u00e9sente la programmation 2023 des Nuits d&rsquo;O, qui ont lieu du 23 au 26 ao\u00fbt.<\/p>\n","protected":false},"author":1,"featured_media":10613,"template":"","tags":[],"podcastfilter":[128,165,88],"class_list":["post-7040","podcast","type-podcast","status-publish","has-post-thumbnail","hentry","podcastfilter-cinema","podcastfilter-culture-compagnie","podcastfilter-musique"],"_links":{"self":[{"href":"https:\/\/radio-aviva.com\/perpignan\/wp-json\/wp\/v2\/podcast\/7040","targetHints":{"allow":["GET"]}}],"collection":[{"href":"https:\/\/radio-aviva.com\/perpignan\/wp-json\/wp\/v2\/podcast"}],"about":[{"href":"https:\/\/radio-aviva.com\/perpignan\/wp-json\/wp\/v2\/types\/podcast"}],"author":[{"embeddable":true,"href":"https:\/\/radio-aviva.com\/perpignan\/wp-json\/wp\/v2\/users\/1"}],"version-history":[{"count":1,"href":"https:\/\/radio-aviva.com\/perpignan\/wp-json\/wp\/v2\/podcast\/7040\/revisions"}],"predecessor-version":[{"id":10611,"href":"https:\/\/radio-aviva.com\/perpignan\/wp-json\/wp\/v2\/podcast\/7040\/revisions\/10611"}],"wp:featuredmedia":[{"embeddable":true,"href":"https:\/\/radio-aviva.com\/perpignan\/wp-json\/wp\/v2\/media\/10613"}],"wp:attachment":[{"href":"https:\/\/radio-aviva.com\/perpignan\/wp-json\/wp\/v2\/media?parent=7040"}],"wp:term":[{"taxonomy":"post_tag","embeddable":true,"href":"https:\/\/radio-aviva.com\/perpignan\/wp-json\/wp\/v2\/tags?post=7040"},{"taxonomy":"podcastfilter","embeddable":true,"href":"https:\/\/radio-aviva.com\/perpignan\/wp-json\/wp\/v2\/podcastfilter?post=7040"}],"curies":[{"name":"wp","href":"https:\/\/api.w.org\/{rel}","templated":true}]}}

<p>Dans cette émission Culture &amp; Compagnie, nous recevons Audrey Reina, coordinatrice artistique &amp; programmatrice Musique et Cinéma. Elle présente la programmation 2023 des Nuits d&rsquo;O, qui ont lieu du 23 au 26 août.</p>
