{"id":7052,"date":"2023-08-03T12:53:47","date_gmt":"2023-08-03T10:53:47","guid":{"rendered":"https:\/\/radio-aviva.com\/perpignan\/?post_type=podcast&#038;p=7052"},"modified":"2023-08-03T12:53:47","modified_gmt":"2023-08-03T10:53:47","slug":"la-confrerie-polaris-jean-philippe-barthez-president","status":"publish","type":"podcast","link":"https:\/\/radio-aviva.com\/perpignan\/podcast\/la-confrerie-polaris-jean-philippe-barthez-president\/","title":{"rendered":"LA CONFRERIE POLARIS &#8211; JEAN PHILIPPE BARTHEZ, PRESIDENT"},"content":{"rendered":"<p><strong>Jean-Philippe Barthez<\/strong>, pr\u00e9sident de <strong>l&rsquo;association<\/strong> d&rsquo;escrime chor\u00e9graphique et de combat libre au sabre laser, <strong>la Confr\u00e9rie Polaris<\/strong> \u00e0 <strong>Canoh\u00e8s<\/strong>, vient nous pr\u00e9senter les actions de son association et son implantation sur le territoire des <strong>Pyr\u00e9n\u00e9es-Orientales<\/strong><\/p>\n","protected":false},"author":337,"featured_media":7061,"template":"","tags":[],"podcastfilter":[170,190,109,186,188,148],"class_list":["post-7052","podcast","type-podcast","status-publish","has-post-thumbnail","hentry","podcastfilter-actions-culturelles","podcastfilter-association","podcastfilter-perpignan","podcastfilter-pyrenees-orientales-2","podcastfilter-sport","podcastfilter-voix-des-assos"],"_links":{"self":[{"href":"https:\/\/radio-aviva.com\/perpignan\/wp-json\/wp\/v2\/podcast\/7052","targetHints":{"allow":["GET"]}}],"collection":[{"href":"https:\/\/radio-aviva.com\/perpignan\/wp-json\/wp\/v2\/podcast"}],"about":[{"href":"https:\/\/radio-aviva.com\/perpignan\/wp-json\/wp\/v2\/types\/podcast"}],"author":[{"embeddable":true,"href":"https:\/\/radio-aviva.com\/perpignan\/wp-json\/wp\/v2\/users\/337"}],"version-history":[{"count":0,"href":"https:\/\/radio-aviva.com\/perpignan\/wp-json\/wp\/v2\/podcast\/7052\/revisions"}],"wp:featuredmedia":[{"embeddable":true,"href":"https:\/\/radio-aviva.com\/perpignan\/wp-json\/wp\/v2\/media\/7061"}],"wp:attachment":[{"href":"https:\/\/radio-aviva.com\/perpignan\/wp-json\/wp\/v2\/media?parent=7052"}],"wp:term":[{"taxonomy":"post_tag","embeddable":true,"href":"https:\/\/radio-aviva.com\/perpignan\/wp-json\/wp\/v2\/tags?post=7052"},{"taxonomy":"podcastfilter","embeddable":true,"href":"https:\/\/radio-aviva.com\/perpignan\/wp-json\/wp\/v2\/podcastfilter?post=7052"}],"curies":[{"name":"wp","href":"https:\/\/api.w.org\/{rel}","templated":true}]}}

<p><strong>Jean-Philippe Barthez</strong>, président de <strong>l&rsquo;association</strong> d&rsquo;escrime chorégraphique et de combat libre au sabre laser, <strong>la Confrérie Polaris</strong> à <strong>Canohès</strong>, vient nous présenter les actions de son association et son implantation sur le territoire des <strong>Pyrénées-Orientales</strong></p>
