{"id":7278,"date":"2023-06-27T11:57:52","date_gmt":"2023-06-27T09:57:52","guid":{"rendered":"https:\/\/radio-aviva.com\/perpignan\/?post_type=podcast&#038;p=7278"},"modified":"2023-08-17T11:58:11","modified_gmt":"2023-08-17T09:58:11","slug":"biovivart-mickaelle-bensoussan-directrice","status":"publish","type":"podcast","link":"https:\/\/radio-aviva.com\/perpignan\/podcast\/biovivart-mickaelle-bensoussan-directrice\/","title":{"rendered":"BIOVIVART, MICKAELLE BENSOUSSAN, DIRECTRICE"},"content":{"rendered":"<p><strong>BIOVIV&rsquo;ART<\/strong>, c&rsquo;est 3 jours de spectacles, de conf\u00e9rences, d&rsquo;animations, d&rsquo;ateliers, d&rsquo;\u00e9changes avec de grands sp\u00e9cialistes de la biodiversit\u00e9 et des artistes engag\u00e9.e.s. Cette ann\u00e9e, nous ferons un focus sur <strong>la th\u00e9matique de l&rsquo;eau<\/strong>, eau douce, aussi bien que eau marine, en tant que ressource \u00e0 pr\u00e9server et \u00e9cosyst\u00e8me \u00e0 prot\u00e9ger.<\/p>\n","protected":false},"author":337,"featured_media":7279,"template":"","tags":[],"podcastfilter":[170,86,168,171,143,134,175,109],"class_list":["post-7278","podcast","type-podcast","status-publish","has-post-thumbnail","hentry","podcastfilter-actions-culturelles","podcastfilter-art","podcastfilter-artiste","podcastfilter-ateliers","podcastfilter-environnement","podcastfilter-exposition","podcastfilter-invite-de-la-redaction","podcastfilter-perpignan"],"_links":{"self":[{"href":"https:\/\/radio-aviva.com\/perpignan\/wp-json\/wp\/v2\/podcast\/7278","targetHints":{"allow":["GET"]}}],"collection":[{"href":"https:\/\/radio-aviva.com\/perpignan\/wp-json\/wp\/v2\/podcast"}],"about":[{"href":"https:\/\/radio-aviva.com\/perpignan\/wp-json\/wp\/v2\/types\/podcast"}],"author":[{"embeddable":true,"href":"https:\/\/radio-aviva.com\/perpignan\/wp-json\/wp\/v2\/users\/337"}],"version-history":[{"count":0,"href":"https:\/\/radio-aviva.com\/perpignan\/wp-json\/wp\/v2\/podcast\/7278\/revisions"}],"wp:featuredmedia":[{"embeddable":true,"href":"https:\/\/radio-aviva.com\/perpignan\/wp-json\/wp\/v2\/media\/7279"}],"wp:attachment":[{"href":"https:\/\/radio-aviva.com\/perpignan\/wp-json\/wp\/v2\/media?parent=7278"}],"wp:term":[{"taxonomy":"post_tag","embeddable":true,"href":"https:\/\/radio-aviva.com\/perpignan\/wp-json\/wp\/v2\/tags?post=7278"},{"taxonomy":"podcastfilter","embeddable":true,"href":"https:\/\/radio-aviva.com\/perpignan\/wp-json\/wp\/v2\/podcastfilter?post=7278"}],"curies":[{"name":"wp","href":"https:\/\/api.w.org\/{rel}","templated":true}]}}

<p><strong>BIOVIV&rsquo;ART</strong>, c&rsquo;est 3 jours de spectacles, de conférences, d&rsquo;animations, d&rsquo;ateliers, d&rsquo;échanges avec de grands spécialistes de la biodiversité et des artistes engagé.e.s. Cette année, nous ferons un focus sur <strong>la thématique de l&rsquo;eau</strong>, eau douce, aussi bien que eau marine, en tant que ressource à préserver et écosystème à protéger.</p>
