{"id":7282,"date":"2023-08-17T13:53:18","date_gmt":"2023-08-17T11:53:18","guid":{"rendered":"https:\/\/radio-aviva.com\/perpignan\/?post_type=podcast&#038;p=7282"},"modified":"2023-08-17T14:15:06","modified_gmt":"2023-08-17T12:15:06","slug":"fete-de-la-prehistoire-david-angelats-charg-de-comunication-musee-de-tautavel","status":"publish","type":"podcast","link":"https:\/\/radio-aviva.com\/perpignan\/podcast\/fete-de-la-prehistoire-david-angelats-charg-de-comunication-musee-de-tautavel\/","title":{"rendered":"FETE DE LA PREHISTOIRE &#8211; DAVID ANGELATS, RESPONSABLE DE LA COMUNICATION, MUSEE DE TAUTAVEL"},"content":{"rendered":"<p><strong>David Angelats<\/strong>, responsable de la communication pour le <strong>mus\u00e9e de Tautavel <\/strong>vient nous parler de la<strong> f\u00eate de la pr\u00e9histoire<\/strong>, organis\u00e9e par le mus\u00e9e le <strong>2 ao\u00fbt<\/strong> dernier.<\/p>\n","protected":false},"author":337,"featured_media":7284,"template":"","tags":[],"podcastfilter":[170,195,86,208,175,151,109],"class_list":["post-7282","podcast","type-podcast","status-publish","has-post-thumbnail","hentry","podcastfilter-actions-culturelles","podcastfilter-archeologie","podcastfilter-art","podcastfilter-conference","podcastfilter-invite-de-la-redaction","podcastfilter-patrimoine","podcastfilter-perpignan"],"_links":{"self":[{"href":"https:\/\/radio-aviva.com\/perpignan\/wp-json\/wp\/v2\/podcast\/7282","targetHints":{"allow":["GET"]}}],"collection":[{"href":"https:\/\/radio-aviva.com\/perpignan\/wp-json\/wp\/v2\/podcast"}],"about":[{"href":"https:\/\/radio-aviva.com\/perpignan\/wp-json\/wp\/v2\/types\/podcast"}],"author":[{"embeddable":true,"href":"https:\/\/radio-aviva.com\/perpignan\/wp-json\/wp\/v2\/users\/337"}],"version-history":[{"count":0,"href":"https:\/\/radio-aviva.com\/perpignan\/wp-json\/wp\/v2\/podcast\/7282\/revisions"}],"wp:featuredmedia":[{"embeddable":true,"href":"https:\/\/radio-aviva.com\/perpignan\/wp-json\/wp\/v2\/media\/7284"}],"wp:attachment":[{"href":"https:\/\/radio-aviva.com\/perpignan\/wp-json\/wp\/v2\/media?parent=7282"}],"wp:term":[{"taxonomy":"post_tag","embeddable":true,"href":"https:\/\/radio-aviva.com\/perpignan\/wp-json\/wp\/v2\/tags?post=7282"},{"taxonomy":"podcastfilter","embeddable":true,"href":"https:\/\/radio-aviva.com\/perpignan\/wp-json\/wp\/v2\/podcastfilter?post=7282"}],"curies":[{"name":"wp","href":"https:\/\/api.w.org\/{rel}","templated":true}]}}

<p><strong>David Angelats</strong>, responsable de la communication pour le <strong>musée de Tautavel </strong>vient nous parler de la<strong> fête de la préhistoire</strong>, organisée par le musée le <strong>2 août</strong> dernier.</p>
