{"id":7283,"date":"2023-08-17T13:58:45","date_gmt":"2023-08-17T11:58:45","guid":{"rendered":"https:\/\/radio-aviva.com\/perpignan\/?post_type=podcast&#038;p=7283"},"modified":"2023-08-17T13:58:45","modified_gmt":"2023-08-17T11:58:45","slug":"la-dream-team-cosplay-66-elisabeth-geoffray-presidente","status":"publish","type":"podcast","link":"https:\/\/radio-aviva.com\/perpignan\/podcast\/la-dream-team-cosplay-66-elisabeth-geoffray-presidente\/","title":{"rendered":"LA DREAM TEAM COSPLAY 66 &#8211; ELISABETH GEOFFRAY &#8211; PRESIDENTE"},"content":{"rendered":"<p>Elisabeth Geoffray, pr\u00e9sidente la Dream Team Cosplay 66, vient nous pr\u00e9senter ses actions en faveur des enfants (handicap, harc\u00e8lement, \u00e9ducation). Cette association a pour but de r\u00e9unir des passionn\u00e9s du cosplay, d\u00e9sirant apporter du bonheur aux enfants.<\/p>\n","protected":false},"author":337,"featured_media":7289,"template":"","tags":[],"podcastfilter":[190,251,127,230,138],"class_list":["post-7283","podcast","type-podcast","status-publish","has-post-thumbnail","hentry","podcastfilter-association","podcastfilter-cosplay","podcastfilter-culture-et-compagnie","podcastfilter-handicap","podcastfilter-lutte-contre-les-discriminations"],"_links":{"self":[{"href":"https:\/\/radio-aviva.com\/perpignan\/wp-json\/wp\/v2\/podcast\/7283","targetHints":{"allow":["GET"]}}],"collection":[{"href":"https:\/\/radio-aviva.com\/perpignan\/wp-json\/wp\/v2\/podcast"}],"about":[{"href":"https:\/\/radio-aviva.com\/perpignan\/wp-json\/wp\/v2\/types\/podcast"}],"author":[{"embeddable":true,"href":"https:\/\/radio-aviva.com\/perpignan\/wp-json\/wp\/v2\/users\/337"}],"version-history":[{"count":0,"href":"https:\/\/radio-aviva.com\/perpignan\/wp-json\/wp\/v2\/podcast\/7283\/revisions"}],"wp:featuredmedia":[{"embeddable":true,"href":"https:\/\/radio-aviva.com\/perpignan\/wp-json\/wp\/v2\/media\/7289"}],"wp:attachment":[{"href":"https:\/\/radio-aviva.com\/perpignan\/wp-json\/wp\/v2\/media?parent=7283"}],"wp:term":[{"taxonomy":"post_tag","embeddable":true,"href":"https:\/\/radio-aviva.com\/perpignan\/wp-json\/wp\/v2\/tags?post=7283"},{"taxonomy":"podcastfilter","embeddable":true,"href":"https:\/\/radio-aviva.com\/perpignan\/wp-json\/wp\/v2\/podcastfilter?post=7283"}],"curies":[{"name":"wp","href":"https:\/\/api.w.org\/{rel}","templated":true}]}}

<p>Elisabeth Geoffray, présidente la Dream Team Cosplay 66, vient nous présenter ses actions en faveur des enfants (handicap, harcèlement, éducation). Cette association a pour but de réunir des passionnés du cosplay, désirant apporter du bonheur aux enfants.</p>
