{"id":7288,"date":"2023-08-17T14:04:16","date_gmt":"2023-08-17T12:04:16","guid":{"rendered":"https:\/\/radio-aviva.com\/perpignan\/?post_type=podcast&#038;p=7288"},"modified":"2023-08-17T14:04:16","modified_gmt":"2023-08-17T12:04:16","slug":"exposition-villa-arts66-anna-christian-monribot-artistes","status":"publish","type":"podcast","link":"https:\/\/radio-aviva.com\/perpignan\/podcast\/exposition-villa-arts66-anna-christian-monribot-artistes\/","title":{"rendered":"EXPOSITION VILLA ARTS66 &#8211; ANNA, CHRISTIAN MONRIBOT, ARTISTES"},"content":{"rendered":"<p>Rencontre d&rsquo;artistes, exposition <strong>\u00ab\u00a0sauvage\u00a0\u00bb<\/strong> organis\u00e9e par <strong>B\u00e9atrice Nicolau<\/strong> pour l&rsquo;association<strong> ARTS66 \u00e0 la Villa ARTS66<\/strong> \u00e0 Perpignan. Les artistes<strong> ANNA et Christiant Monribot<\/strong> ont pr\u00e9sent\u00e9s leurs peintures. Exposition jusqu&rsquo;au 10 ao\u00fbt 2023<\/p>\n","protected":false},"author":337,"featured_media":7292,"template":"","tags":[],"podcastfilter":[170,86,168,190,165,134],"class_list":["post-7288","podcast","type-podcast","status-publish","has-post-thumbnail","hentry","podcastfilter-actions-culturelles","podcastfilter-art","podcastfilter-artiste","podcastfilter-association","podcastfilter-culture-compagnie","podcastfilter-exposition"],"_links":{"self":[{"href":"https:\/\/radio-aviva.com\/perpignan\/wp-json\/wp\/v2\/podcast\/7288","targetHints":{"allow":["GET"]}}],"collection":[{"href":"https:\/\/radio-aviva.com\/perpignan\/wp-json\/wp\/v2\/podcast"}],"about":[{"href":"https:\/\/radio-aviva.com\/perpignan\/wp-json\/wp\/v2\/types\/podcast"}],"author":[{"embeddable":true,"href":"https:\/\/radio-aviva.com\/perpignan\/wp-json\/wp\/v2\/users\/337"}],"version-history":[{"count":0,"href":"https:\/\/radio-aviva.com\/perpignan\/wp-json\/wp\/v2\/podcast\/7288\/revisions"}],"wp:featuredmedia":[{"embeddable":true,"href":"https:\/\/radio-aviva.com\/perpignan\/wp-json\/wp\/v2\/media\/7292"}],"wp:attachment":[{"href":"https:\/\/radio-aviva.com\/perpignan\/wp-json\/wp\/v2\/media?parent=7288"}],"wp:term":[{"taxonomy":"post_tag","embeddable":true,"href":"https:\/\/radio-aviva.com\/perpignan\/wp-json\/wp\/v2\/tags?post=7288"},{"taxonomy":"podcastfilter","embeddable":true,"href":"https:\/\/radio-aviva.com\/perpignan\/wp-json\/wp\/v2\/podcastfilter?post=7288"}],"curies":[{"name":"wp","href":"https:\/\/api.w.org\/{rel}","templated":true}]}}

<p>Rencontre d&rsquo;artistes, exposition <strong>« sauvage »</strong> organisée par <strong>Béatrice Nicolau</strong> pour l&rsquo;association<strong> ARTS66 à la Villa ARTS66</strong> à Perpignan. Les artistes<strong> ANNA et Christiant Monribot</strong> ont présentés leurs peintures. Exposition jusqu&rsquo;au 10 août 2023</p>
