{"id":7291,"date":"2023-08-17T14:06:25","date_gmt":"2023-08-17T12:06:25","guid":{"rendered":"https:\/\/radio-aviva.com\/perpignan\/?post_type=podcast&#038;p=7291"},"modified":"2023-08-17T14:06:25","modified_gmt":"2023-08-17T12:06:25","slug":"festival-greenation-aime-alberty-delegue-a-lanimation-pour-la-ville-dargeles-sur-mer","status":"publish","type":"podcast","link":"https:\/\/radio-aviva.com\/perpignan\/podcast\/festival-greenation-aime-alberty-delegue-a-lanimation-pour-la-ville-dargeles-sur-mer\/","title":{"rendered":"FESTIVAL GREENATION &#8211; AIM\u00c9 ALBERTY, D\u00c9L\u00c9GU\u00c9 \u00c0 L&rsquo;ANIMATION POUR LA VILLE D&rsquo;ARGEL\u00c8S-SUR-MER"},"content":{"rendered":"<p>La Ville d&rsquo;Argel\u00e8s-sur-Mer et WeareGreenation s&rsquo;unissent lors de 5 dates exclusives dans l&rsquo;\u00e9t\u00e9 dont le 14 et le 21 ao\u00fbt. \u00c9v\u00e8nement \u00e9lectro du territoire qui accueille des artistes fran\u00e7ais et internationaux comme Boris Way. Aim\u00e9 Alberty, d\u00e9l\u00e9gu\u00e9 \u00e0 l&rsquo;animation de la ville d&rsquo;Argel\u00e8s sur mer vient nous pr\u00e9senter l&rsquo;\u00e9v\u00e9nement.<\/p>\n","protected":false},"author":337,"featured_media":7295,"template":"","tags":[],"podcastfilter":[],"class_list":["post-7291","podcast","type-podcast","status-publish","has-post-thumbnail","hentry"],"_links":{"self":[{"href":"https:\/\/radio-aviva.com\/perpignan\/wp-json\/wp\/v2\/podcast\/7291","targetHints":{"allow":["GET"]}}],"collection":[{"href":"https:\/\/radio-aviva.com\/perpignan\/wp-json\/wp\/v2\/podcast"}],"about":[{"href":"https:\/\/radio-aviva.com\/perpignan\/wp-json\/wp\/v2\/types\/podcast"}],"author":[{"embeddable":true,"href":"https:\/\/radio-aviva.com\/perpignan\/wp-json\/wp\/v2\/users\/337"}],"version-history":[{"count":0,"href":"https:\/\/radio-aviva.com\/perpignan\/wp-json\/wp\/v2\/podcast\/7291\/revisions"}],"wp:featuredmedia":[{"embeddable":true,"href":"https:\/\/radio-aviva.com\/perpignan\/wp-json\/wp\/v2\/media\/7295"}],"wp:attachment":[{"href":"https:\/\/radio-aviva.com\/perpignan\/wp-json\/wp\/v2\/media?parent=7291"}],"wp:term":[{"taxonomy":"post_tag","embeddable":true,"href":"https:\/\/radio-aviva.com\/perpignan\/wp-json\/wp\/v2\/tags?post=7291"},{"taxonomy":"podcastfilter","embeddable":true,"href":"https:\/\/radio-aviva.com\/perpignan\/wp-json\/wp\/v2\/podcastfilter?post=7291"}],"curies":[{"name":"wp","href":"https:\/\/api.w.org\/{rel}","templated":true}]}}

FESTIVAL GREENATION &#8211; AIMÉ ALBERTY, DÉLÉGUÉ À L&rsquo;ANIMATION POUR LA VILLE D&rsquo;ARGELÈS-SUR-MER

<p>La Ville d&rsquo;Argelès-sur-Mer et WeareGreenation s&rsquo;unissent lors de 5 dates exclusives dans l&rsquo;été dont le 14 et le 21 août. Évènement électro du territoire qui accueille des artistes français et internationaux comme Boris Way. Aimé Alberty, délégué à l&rsquo;animation de la ville d&rsquo;Argelès sur mer vient nous présenter l&rsquo;événement.</p>
