{"id":7349,"date":"2023-08-24T15:00:34","date_gmt":"2023-08-24T13:00:34","guid":{"rendered":"https:\/\/radio-aviva.com\/perpignan\/?post_type=podcast&#038;p=7349"},"modified":"2023-08-24T15:18:54","modified_gmt":"2023-08-24T13:18:54","slug":"festival-jazzebre-segolene-alex-directrice","status":"publish","type":"podcast","link":"https:\/\/radio-aviva.com\/perpignan\/podcast\/festival-jazzebre-segolene-alex-directrice\/","title":{"rendered":"FESTIVAL JAZZEBRE &#8211; SEGOLENE ALEX, DIRECTRICE"},"content":{"rendered":"<p>Du <strong>15 septembre<\/strong> au <strong>15 octobre<\/strong>, le <strong>festival Jazz\u00e8bre<\/strong> 2023 revient \u00e0 Perpignan pour une 35 \u00e8me \u00e9dition. <strong>S\u00e9gol\u00e8ne Alex<\/strong>, directrice pour Jazz\u00e8bre, vient nous parler de la programmation<\/p>\n","protected":false},"author":337,"featured_media":7350,"template":"","tags":[],"podcastfilter":[86,168,150,88,109],"class_list":["post-7349","podcast","type-podcast","status-publish","has-post-thumbnail","hentry","podcastfilter-art","podcastfilter-artiste","podcastfilter-entracte","podcastfilter-musique","podcastfilter-perpignan"],"_links":{"self":[{"href":"https:\/\/radio-aviva.com\/perpignan\/wp-json\/wp\/v2\/podcast\/7349","targetHints":{"allow":["GET"]}}],"collection":[{"href":"https:\/\/radio-aviva.com\/perpignan\/wp-json\/wp\/v2\/podcast"}],"about":[{"href":"https:\/\/radio-aviva.com\/perpignan\/wp-json\/wp\/v2\/types\/podcast"}],"author":[{"embeddable":true,"href":"https:\/\/radio-aviva.com\/perpignan\/wp-json\/wp\/v2\/users\/337"}],"version-history":[{"count":0,"href":"https:\/\/radio-aviva.com\/perpignan\/wp-json\/wp\/v2\/podcast\/7349\/revisions"}],"wp:featuredmedia":[{"embeddable":true,"href":"https:\/\/radio-aviva.com\/perpignan\/wp-json\/wp\/v2\/media\/7350"}],"wp:attachment":[{"href":"https:\/\/radio-aviva.com\/perpignan\/wp-json\/wp\/v2\/media?parent=7349"}],"wp:term":[{"taxonomy":"post_tag","embeddable":true,"href":"https:\/\/radio-aviva.com\/perpignan\/wp-json\/wp\/v2\/tags?post=7349"},{"taxonomy":"podcastfilter","embeddable":true,"href":"https:\/\/radio-aviva.com\/perpignan\/wp-json\/wp\/v2\/podcastfilter?post=7349"}],"curies":[{"name":"wp","href":"https:\/\/api.w.org\/{rel}","templated":true}]}}

<p>Du <strong>15 septembre</strong> au <strong>15 octobre</strong>, le <strong>festival Jazzèbre</strong> 2023 revient à Perpignan pour une 35 ème édition. <strong>Ségolène Alex</strong>, directrice pour Jazzèbre, vient nous parler de la programmation</p>
