{"id":7360,"date":"2023-08-26T12:00:26","date_gmt":"2023-08-26T10:00:26","guid":{"rendered":"https:\/\/radio-aviva.com\/perpignan\/?post_type=podcast&#038;p=7360"},"modified":"2023-08-25T11:53:52","modified_gmt":"2023-08-25T09:53:52","slug":"festival-court-circuit-66-pierre-alfred-eberhard-co-fondateur","status":"publish","type":"podcast","link":"https:\/\/radio-aviva.com\/perpignan\/podcast\/festival-court-circuit-66-pierre-alfred-eberhard-co-fondateur\/","title":{"rendered":"FESTIVAL COURT CIRCUIT 66 &#8211; PIERRE ALFRED EBERHARD, CO-FONDATEUR"},"content":{"rendered":"<p><strong>Courts-Circuit 66<\/strong> organise chaque \u00e9t\u00e9 depuis 2020 un festival itin\u00e9rant de courts-m\u00e9trages internationaux qui s&rsquo;\u00e9tale de <strong>mi-ao\u00fbt \u00e0 fin-septembre<\/strong> dans pr\u00e8s de <strong>30 communes<\/strong> du d\u00e9partement. <strong>Pierre Alfred Eberhard<\/strong>, co-fondateur et directeur artistique, vient nous pr\u00e9senter le festival.<\/p>\n","protected":false},"author":337,"featured_media":7361,"template":"","tags":[],"podcastfilter":[170,86,190,128,167,175],"class_list":["post-7360","podcast","type-podcast","status-publish","has-post-thumbnail","hentry","podcastfilter-actions-culturelles","podcastfilter-art","podcastfilter-association","podcastfilter-cinema","podcastfilter-festival","podcastfilter-invite-de-la-redaction"],"_links":{"self":[{"href":"https:\/\/radio-aviva.com\/perpignan\/wp-json\/wp\/v2\/podcast\/7360","targetHints":{"allow":["GET"]}}],"collection":[{"href":"https:\/\/radio-aviva.com\/perpignan\/wp-json\/wp\/v2\/podcast"}],"about":[{"href":"https:\/\/radio-aviva.com\/perpignan\/wp-json\/wp\/v2\/types\/podcast"}],"author":[{"embeddable":true,"href":"https:\/\/radio-aviva.com\/perpignan\/wp-json\/wp\/v2\/users\/337"}],"version-history":[{"count":0,"href":"https:\/\/radio-aviva.com\/perpignan\/wp-json\/wp\/v2\/podcast\/7360\/revisions"}],"wp:featuredmedia":[{"embeddable":true,"href":"https:\/\/radio-aviva.com\/perpignan\/wp-json\/wp\/v2\/media\/7361"}],"wp:attachment":[{"href":"https:\/\/radio-aviva.com\/perpignan\/wp-json\/wp\/v2\/media?parent=7360"}],"wp:term":[{"taxonomy":"post_tag","embeddable":true,"href":"https:\/\/radio-aviva.com\/perpignan\/wp-json\/wp\/v2\/tags?post=7360"},{"taxonomy":"podcastfilter","embeddable":true,"href":"https:\/\/radio-aviva.com\/perpignan\/wp-json\/wp\/v2\/podcastfilter?post=7360"}],"curies":[{"name":"wp","href":"https:\/\/api.w.org\/{rel}","templated":true}]}}

<p><strong>Courts-Circuit 66</strong> organise chaque été depuis 2020 un festival itinérant de courts-métrages internationaux qui s&rsquo;étale de <strong>mi-août à fin-septembre</strong> dans près de <strong>30 communes</strong> du département. <strong>Pierre Alfred Eberhard</strong>, co-fondateur et directeur artistique, vient nous présenter le festival.</p>
