{"id":7382,"date":"2023-08-30T12:00:15","date_gmt":"2023-08-30T10:00:15","guid":{"rendered":"https:\/\/radio-aviva.com\/perpignan\/?post_type=podcast&#038;p=7382"},"modified":"2023-08-25T17:05:32","modified_gmt":"2023-08-25T15:05:32","slug":"festival-court-metrage-cinema-mega-castillet","status":"publish","type":"podcast","link":"https:\/\/radio-aviva.com\/perpignan\/podcast\/festival-court-metrage-cinema-mega-castillet\/","title":{"rendered":"FESTIVAL COURT METRAGE &#8211; ANNABEL GARLATTI, RESPONSABLE COMMUNICATION ET MARKETING, CINEMA MEGA CASTILLET"},"content":{"rendered":"<p>Le cin\u00e9ma f\u00eate ses 20 ans d&rsquo;existence au c\u0153ur de la ville de Perpignan. La premi\u00e8re \u00e9dition d&rsquo;un festival de court-m\u00e9trage sera organis\u00e9e en cet honneur le 8 d\u00e9cembre prochain. Annabel Garlatti, responsable communication et marketing du cin\u00e9ma, est venue nous pr\u00e9senter le programmation de leurs festivit\u00e9s.<\/p>\n","protected":false},"author":337,"featured_media":7383,"template":"","tags":[],"podcastfilter":[128,167,175,109],"class_list":["post-7382","podcast","type-podcast","status-publish","has-post-thumbnail","hentry","podcastfilter-cinema","podcastfilter-festival","podcastfilter-invite-de-la-redaction","podcastfilter-perpignan"],"_links":{"self":[{"href":"https:\/\/radio-aviva.com\/perpignan\/wp-json\/wp\/v2\/podcast\/7382","targetHints":{"allow":["GET"]}}],"collection":[{"href":"https:\/\/radio-aviva.com\/perpignan\/wp-json\/wp\/v2\/podcast"}],"about":[{"href":"https:\/\/radio-aviva.com\/perpignan\/wp-json\/wp\/v2\/types\/podcast"}],"author":[{"embeddable":true,"href":"https:\/\/radio-aviva.com\/perpignan\/wp-json\/wp\/v2\/users\/337"}],"version-history":[{"count":0,"href":"https:\/\/radio-aviva.com\/perpignan\/wp-json\/wp\/v2\/podcast\/7382\/revisions"}],"wp:featuredmedia":[{"embeddable":true,"href":"https:\/\/radio-aviva.com\/perpignan\/wp-json\/wp\/v2\/media\/7383"}],"wp:attachment":[{"href":"https:\/\/radio-aviva.com\/perpignan\/wp-json\/wp\/v2\/media?parent=7382"}],"wp:term":[{"taxonomy":"post_tag","embeddable":true,"href":"https:\/\/radio-aviva.com\/perpignan\/wp-json\/wp\/v2\/tags?post=7382"},{"taxonomy":"podcastfilter","embeddable":true,"href":"https:\/\/radio-aviva.com\/perpignan\/wp-json\/wp\/v2\/podcastfilter?post=7382"}],"curies":[{"name":"wp","href":"https:\/\/api.w.org\/{rel}","templated":true}]}}

<p>Le cinéma fête ses 20 ans d&rsquo;existence au cœur de la ville de Perpignan. La première édition d&rsquo;un festival de court-métrage sera organisée en cet honneur le 8 décembre prochain. Annabel Garlatti, responsable communication et marketing du cinéma, est venue nous présenter le programmation de leurs festivités.</p>
