{"id":7520,"date":"2023-09-07T10:00:55","date_gmt":"2023-09-07T08:00:55","guid":{"rendered":"https:\/\/radio-aviva.com\/perpignan\/?post_type=podcast&#038;p=7520"},"modified":"2023-09-05T15:47:00","modified_gmt":"2023-09-05T13:47:00","slug":"presentation-du-cercle-des-auteurs-catalans","status":"publish","type":"podcast","link":"https:\/\/radio-aviva.com\/perpignan\/podcast\/presentation-du-cercle-des-auteurs-catalans\/","title":{"rendered":"PR\u00c9SENTATION DU CERCLE DES AUTEURS CATALANS &#8211; PIERRE KOUZMIN, JEAN MARIE MARCOS &#8211; CAC66"},"content":{"rendered":"<p>Le CAC66 est la plus grande associations d&rsquo;auteur du d\u00e9partement. Pierre Kouzmin, le pr\u00e9sident, prend la parole afin de nous pr\u00e9senter le cercle des auteurs catalans et ses objectifs.<\/p>\n","protected":false},"author":337,"featured_media":7536,"template":"","tags":[],"podcastfilter":[190,212,148],"class_list":["post-7520","podcast","type-podcast","status-publish","has-post-thumbnail","hentry","podcastfilter-association","podcastfilter-livre","podcastfilter-voix-des-assos"],"_links":{"self":[{"href":"https:\/\/radio-aviva.com\/perpignan\/wp-json\/wp\/v2\/podcast\/7520","targetHints":{"allow":["GET"]}}],"collection":[{"href":"https:\/\/radio-aviva.com\/perpignan\/wp-json\/wp\/v2\/podcast"}],"about":[{"href":"https:\/\/radio-aviva.com\/perpignan\/wp-json\/wp\/v2\/types\/podcast"}],"author":[{"embeddable":true,"href":"https:\/\/radio-aviva.com\/perpignan\/wp-json\/wp\/v2\/users\/337"}],"version-history":[{"count":0,"href":"https:\/\/radio-aviva.com\/perpignan\/wp-json\/wp\/v2\/podcast\/7520\/revisions"}],"wp:featuredmedia":[{"embeddable":true,"href":"https:\/\/radio-aviva.com\/perpignan\/wp-json\/wp\/v2\/media\/7536"}],"wp:attachment":[{"href":"https:\/\/radio-aviva.com\/perpignan\/wp-json\/wp\/v2\/media?parent=7520"}],"wp:term":[{"taxonomy":"post_tag","embeddable":true,"href":"https:\/\/radio-aviva.com\/perpignan\/wp-json\/wp\/v2\/tags?post=7520"},{"taxonomy":"podcastfilter","embeddable":true,"href":"https:\/\/radio-aviva.com\/perpignan\/wp-json\/wp\/v2\/podcastfilter?post=7520"}],"curies":[{"name":"wp","href":"https:\/\/api.w.org\/{rel}","templated":true}]}}

PRÉSENTATION DU CERCLE DES AUTEURS CATALANS &#8211; PIERRE KOUZMIN, JEAN MARIE MARCOS &#8211; CAC66

<p>Le CAC66 est la plus grande associations d&rsquo;auteur du département. Pierre Kouzmin, le président, prend la parole afin de nous présenter le cercle des auteurs catalans et ses objectifs.</p>
