{"id":7544,"date":"2023-09-08T10:00:45","date_gmt":"2023-09-08T08:00:45","guid":{"rendered":"https:\/\/radio-aviva.com\/perpignan\/?post_type=podcast&#038;p=7544"},"modified":"2023-09-06T12:26:04","modified_gmt":"2023-09-06T10:26:04","slug":"welcome66-corinne-grillet-fondatrice-de-lassociation","status":"publish","type":"podcast","link":"https:\/\/radio-aviva.com\/perpignan\/podcast\/welcome66-corinne-grillet-fondatrice-de-lassociation\/","title":{"rendered":"WELCOME66 &#8211; CORINNE GRILLET, FONDATRICE DE L&rsquo;ASSOCIATION"},"content":{"rendered":"<p>Welcome 66 est une association d&rsquo;aide aux mineurs non accompagn\u00e9s, demandeurs d\u2019asile et r\u00e9fugi\u00e9s. Corinne Grillet, la main sur le coeur, nous pr\u00e9sente les enjeux de l&rsquo;association et sa future exposition \u00e0 Visa Off.<\/p>\n","protected":false},"author":337,"featured_media":7547,"template":"","tags":[],"podcastfilter":[190,234,137,206,148],"class_list":["post-7544","podcast","type-podcast","status-publish","has-post-thumbnail","hentry","podcastfilter-association","podcastfilter-interculturel","podcastfilter-lutte-contre-les-discrimination","podcastfilter-politique-et-institutions-locales","podcastfilter-voix-des-assos"],"_links":{"self":[{"href":"https:\/\/radio-aviva.com\/perpignan\/wp-json\/wp\/v2\/podcast\/7544","targetHints":{"allow":["GET"]}}],"collection":[{"href":"https:\/\/radio-aviva.com\/perpignan\/wp-json\/wp\/v2\/podcast"}],"about":[{"href":"https:\/\/radio-aviva.com\/perpignan\/wp-json\/wp\/v2\/types\/podcast"}],"author":[{"embeddable":true,"href":"https:\/\/radio-aviva.com\/perpignan\/wp-json\/wp\/v2\/users\/337"}],"version-history":[{"count":0,"href":"https:\/\/radio-aviva.com\/perpignan\/wp-json\/wp\/v2\/podcast\/7544\/revisions"}],"wp:featuredmedia":[{"embeddable":true,"href":"https:\/\/radio-aviva.com\/perpignan\/wp-json\/wp\/v2\/media\/7547"}],"wp:attachment":[{"href":"https:\/\/radio-aviva.com\/perpignan\/wp-json\/wp\/v2\/media?parent=7544"}],"wp:term":[{"taxonomy":"post_tag","embeddable":true,"href":"https:\/\/radio-aviva.com\/perpignan\/wp-json\/wp\/v2\/tags?post=7544"},{"taxonomy":"podcastfilter","embeddable":true,"href":"https:\/\/radio-aviva.com\/perpignan\/wp-json\/wp\/v2\/podcastfilter?post=7544"}],"curies":[{"name":"wp","href":"https:\/\/api.w.org\/{rel}","templated":true}]}}

<p>Welcome 66 est une association d&rsquo;aide aux mineurs non accompagnés, demandeurs d’asile et réfugiés. Corinne Grillet, la main sur le coeur, nous présente les enjeux de l&rsquo;association et sa future exposition à Visa Off.</p>
