{"id":7571,"date":"2023-09-14T10:00:05","date_gmt":"2023-09-14T08:00:05","guid":{"rendered":"https:\/\/radio-aviva.com\/perpignan\/?post_type=podcast&#038;p=7571"},"modified":"2023-09-08T18:46:03","modified_gmt":"2023-09-08T16:46:03","slug":"cie-maribel-marie-isabelle-bagnouls","status":"publish","type":"podcast","link":"https:\/\/radio-aviva.com\/perpignan\/podcast\/cie-maribel-marie-isabelle-bagnouls\/","title":{"rendered":"CIE MARIBEL &#8211; MARIE ISABELLE BAGNOULS, DIRECTRICE DE LA TROUPE"},"content":{"rendered":"<p>La Compagnie Maribel est un ensemble de musique, chant et danse folklorique qui existe depuis plus de quarante ans. La directrice, Marie Isabelle Bagnouls, nous pr\u00e9sente sa troupe et leurs v\u0153ux de perp\u00e9tuer les traditions catalanes.<\/p>\n","protected":false},"author":337,"featured_media":7590,"template":"","tags":[],"podcastfilter":[],"class_list":["post-7571","podcast","type-podcast","status-publish","has-post-thumbnail","hentry"],"_links":{"self":[{"href":"https:\/\/radio-aviva.com\/perpignan\/wp-json\/wp\/v2\/podcast\/7571","targetHints":{"allow":["GET"]}}],"collection":[{"href":"https:\/\/radio-aviva.com\/perpignan\/wp-json\/wp\/v2\/podcast"}],"about":[{"href":"https:\/\/radio-aviva.com\/perpignan\/wp-json\/wp\/v2\/types\/podcast"}],"author":[{"embeddable":true,"href":"https:\/\/radio-aviva.com\/perpignan\/wp-json\/wp\/v2\/users\/337"}],"version-history":[{"count":0,"href":"https:\/\/radio-aviva.com\/perpignan\/wp-json\/wp\/v2\/podcast\/7571\/revisions"}],"wp:featuredmedia":[{"embeddable":true,"href":"https:\/\/radio-aviva.com\/perpignan\/wp-json\/wp\/v2\/media\/7590"}],"wp:attachment":[{"href":"https:\/\/radio-aviva.com\/perpignan\/wp-json\/wp\/v2\/media?parent=7571"}],"wp:term":[{"taxonomy":"post_tag","embeddable":true,"href":"https:\/\/radio-aviva.com\/perpignan\/wp-json\/wp\/v2\/tags?post=7571"},{"taxonomy":"podcastfilter","embeddable":true,"href":"https:\/\/radio-aviva.com\/perpignan\/wp-json\/wp\/v2\/podcastfilter?post=7571"}],"curies":[{"name":"wp","href":"https:\/\/api.w.org\/{rel}","templated":true}]}}

<p>La Compagnie Maribel est un ensemble de musique, chant et danse folklorique qui existe depuis plus de quarante ans. La directrice, Marie Isabelle Bagnouls, nous présente sa troupe et leurs vœux de perpétuer les traditions catalanes.</p>
