{"id":7574,"date":"2023-09-11T10:00:49","date_gmt":"2023-09-11T08:00:49","guid":{"rendered":"https:\/\/radio-aviva.com\/perpignan\/?post_type=podcast&#038;p=7574"},"modified":"2023-09-12T13:53:20","modified_gmt":"2023-09-12T11:53:20","slug":"creation-catalane","status":"publish","type":"podcast","link":"https:\/\/radio-aviva.com\/perpignan\/podcast\/creation-catalane\/","title":{"rendered":"CREATION CATALANE &#8211; CELINE ALBERT, DIRECTRICE ET  MAITRE ARTISAN"},"content":{"rendered":"<p>Cr\u00e9ation catalane est une entreprise familiale de Saint-Laurent-De-Cerdans \u0153uvrant \u00e0 la tradition des espadrilles. C\u00e9line Albert, ma\u00eetre artisan vient nous pr\u00e9senter l&rsquo;univers artisanale de l&rsquo;espadrilles et ses secrets.<\/p>\n","protected":false},"author":337,"featured_media":7575,"template":"","tags":[],"podcastfilter":[],"class_list":["post-7574","podcast","type-podcast","status-publish","has-post-thumbnail","hentry"],"_links":{"self":[{"href":"https:\/\/radio-aviva.com\/perpignan\/wp-json\/wp\/v2\/podcast\/7574","targetHints":{"allow":["GET"]}}],"collection":[{"href":"https:\/\/radio-aviva.com\/perpignan\/wp-json\/wp\/v2\/podcast"}],"about":[{"href":"https:\/\/radio-aviva.com\/perpignan\/wp-json\/wp\/v2\/types\/podcast"}],"author":[{"embeddable":true,"href":"https:\/\/radio-aviva.com\/perpignan\/wp-json\/wp\/v2\/users\/337"}],"version-history":[{"count":0,"href":"https:\/\/radio-aviva.com\/perpignan\/wp-json\/wp\/v2\/podcast\/7574\/revisions"}],"wp:featuredmedia":[{"embeddable":true,"href":"https:\/\/radio-aviva.com\/perpignan\/wp-json\/wp\/v2\/media\/7575"}],"wp:attachment":[{"href":"https:\/\/radio-aviva.com\/perpignan\/wp-json\/wp\/v2\/media?parent=7574"}],"wp:term":[{"taxonomy":"post_tag","embeddable":true,"href":"https:\/\/radio-aviva.com\/perpignan\/wp-json\/wp\/v2\/tags?post=7574"},{"taxonomy":"podcastfilter","embeddable":true,"href":"https:\/\/radio-aviva.com\/perpignan\/wp-json\/wp\/v2\/podcastfilter?post=7574"}],"curies":[{"name":"wp","href":"https:\/\/api.w.org\/{rel}","templated":true}]}}

<p>Création catalane est une entreprise familiale de Saint-Laurent-De-Cerdans œuvrant à la tradition des espadrilles. Céline Albert, maître artisan vient nous présenter l&rsquo;univers artisanale de l&rsquo;espadrilles et ses secrets.</p>
