{"id":7585,"date":"2023-09-15T10:00:30","date_gmt":"2023-09-15T08:00:30","guid":{"rendered":"https:\/\/radio-aviva.com\/perpignan\/?post_type=podcast&#038;p=7585"},"modified":"2023-09-15T10:46:47","modified_gmt":"2023-09-15T08:46:47","slug":"institut-du-grenat-laurent-fonquernie-fondateur-de-linstitut","status":"publish","type":"podcast","link":"https:\/\/radio-aviva.com\/perpignan\/podcast\/institut-du-grenat-laurent-fonquernie-fondateur-de-linstitut\/","title":{"rendered":"INSTITUT DU GRENAT &#8211; LAURENT FONQUERNIE, FONDATEUR DE L&rsquo;INSTITUT"},"content":{"rendered":"<p>L\u2019Institut du Grenat a \u00e9t\u00e9 cr\u00e9\u00e9 en 2010 \u00e0 Perpignan par Laurent Fonquernie afin de collecter et diffuser l\u2019histoire du bijou en grenat. Ce dernier va nous parler de la valeur patrimonial de ce savoir faire traditionnel.<\/p>\n","protected":false},"author":337,"featured_media":7588,"template":"","tags":[],"podcastfilter":[86,168,151,109],"class_list":["post-7585","podcast","type-podcast","status-publish","has-post-thumbnail","hentry","podcastfilter-art","podcastfilter-artiste","podcastfilter-patrimoine","podcastfilter-perpignan"],"_links":{"self":[{"href":"https:\/\/radio-aviva.com\/perpignan\/wp-json\/wp\/v2\/podcast\/7585","targetHints":{"allow":["GET"]}}],"collection":[{"href":"https:\/\/radio-aviva.com\/perpignan\/wp-json\/wp\/v2\/podcast"}],"about":[{"href":"https:\/\/radio-aviva.com\/perpignan\/wp-json\/wp\/v2\/types\/podcast"}],"author":[{"embeddable":true,"href":"https:\/\/radio-aviva.com\/perpignan\/wp-json\/wp\/v2\/users\/337"}],"version-history":[{"count":0,"href":"https:\/\/radio-aviva.com\/perpignan\/wp-json\/wp\/v2\/podcast\/7585\/revisions"}],"wp:featuredmedia":[{"embeddable":true,"href":"https:\/\/radio-aviva.com\/perpignan\/wp-json\/wp\/v2\/media\/7588"}],"wp:attachment":[{"href":"https:\/\/radio-aviva.com\/perpignan\/wp-json\/wp\/v2\/media?parent=7585"}],"wp:term":[{"taxonomy":"post_tag","embeddable":true,"href":"https:\/\/radio-aviva.com\/perpignan\/wp-json\/wp\/v2\/tags?post=7585"},{"taxonomy":"podcastfilter","embeddable":true,"href":"https:\/\/radio-aviva.com\/perpignan\/wp-json\/wp\/v2\/podcastfilter?post=7585"}],"curies":[{"name":"wp","href":"https:\/\/api.w.org\/{rel}","templated":true}]}}

<p>L’Institut du Grenat a été créé en 2010 à Perpignan par Laurent Fonquernie afin de collecter et diffuser l’histoire du bijou en grenat. Ce dernier va nous parler de la valeur patrimonial de ce savoir faire traditionnel.</p>
