{"id":7600,"date":"2023-09-12T07:40:11","date_gmt":"2023-09-12T05:40:11","guid":{"rendered":"https:\/\/radio-aviva.com\/perpignan\/?post_type=podcast&#038;p=7600"},"modified":"2023-09-11T15:38:39","modified_gmt":"2023-09-11T13:38:39","slug":"fete-du-champignon-delphine-julien-presidente-de-lassociation-mycologique-cerdagne-capicir","status":"publish","type":"podcast","link":"https:\/\/radio-aviva.com\/perpignan\/podcast\/fete-du-champignon-delphine-julien-presidente-de-lassociation-mycologique-cerdagne-capicir\/","title":{"rendered":"F\u00caTE DU CHAMPIGNON &#8211; DELPHINE JULIEN, PRESIDENTE DE L&rsquo;ASSOCIATION MYCOLOGIQUE CERDAGNE CAPICIR"},"content":{"rendered":"<p>Le dimanche 1er octobre la cit\u00e9 Vauban de Villefranche-de-Conflent se met aux couleurs du champignon. La f\u00eate du champignon r\u00e9unira des expositions de mycologie, des conf\u00e9rences et un march\u00e9. L&rsquo;occasion de venir d\u00e9couvrir ceux qui peuplent nos for\u00eats.<\/p>\n","protected":false},"author":337,"featured_media":7601,"template":"","tags":[],"podcastfilter":[143,235,175,227],"class_list":["post-7600","podcast","type-podcast","status-publish","has-post-thumbnail","hentry","podcastfilter-environnement","podcastfilter-fete","podcastfilter-invite-de-la-redaction","podcastfilter-sciences"],"_links":{"self":[{"href":"https:\/\/radio-aviva.com\/perpignan\/wp-json\/wp\/v2\/podcast\/7600","targetHints":{"allow":["GET"]}}],"collection":[{"href":"https:\/\/radio-aviva.com\/perpignan\/wp-json\/wp\/v2\/podcast"}],"about":[{"href":"https:\/\/radio-aviva.com\/perpignan\/wp-json\/wp\/v2\/types\/podcast"}],"author":[{"embeddable":true,"href":"https:\/\/radio-aviva.com\/perpignan\/wp-json\/wp\/v2\/users\/337"}],"version-history":[{"count":0,"href":"https:\/\/radio-aviva.com\/perpignan\/wp-json\/wp\/v2\/podcast\/7600\/revisions"}],"wp:featuredmedia":[{"embeddable":true,"href":"https:\/\/radio-aviva.com\/perpignan\/wp-json\/wp\/v2\/media\/7601"}],"wp:attachment":[{"href":"https:\/\/radio-aviva.com\/perpignan\/wp-json\/wp\/v2\/media?parent=7600"}],"wp:term":[{"taxonomy":"post_tag","embeddable":true,"href":"https:\/\/radio-aviva.com\/perpignan\/wp-json\/wp\/v2\/tags?post=7600"},{"taxonomy":"podcastfilter","embeddable":true,"href":"https:\/\/radio-aviva.com\/perpignan\/wp-json\/wp\/v2\/podcastfilter?post=7600"}],"curies":[{"name":"wp","href":"https:\/\/api.w.org\/{rel}","templated":true}]}}

FÊTE DU CHAMPIGNON &#8211; DELPHINE JULIEN, PRESIDENTE DE L&rsquo;ASSOCIATION MYCOLOGIQUE CERDAGNE CAPICIR

<p>Le dimanche 1er octobre la cité Vauban de Villefranche-de-Conflent se met aux couleurs du champignon. La fête du champignon réunira des expositions de mycologie, des conférences et un marché. L&rsquo;occasion de venir découvrir ceux qui peuplent nos forêts.</p>
