{"id":7638,"date":"2023-09-14T14:56:07","date_gmt":"2023-09-14T12:56:07","guid":{"rendered":"https:\/\/radio-aviva.com\/perpignan\/?post_type=podcast&#038;p=7638"},"modified":"2023-09-14T18:24:38","modified_gmt":"2023-09-14T16:24:38","slug":"cyril-meunier-maire-de-lattes-vice-president-montpellier-mediterranee-metropole-conseiller-departemental-libre-echange","status":"publish","type":"podcast","link":"https:\/\/radio-aviva.com\/perpignan\/podcast\/cyril-meunier-maire-de-lattes-vice-president-montpellier-mediterranee-metropole-conseiller-departemental-libre-echange\/","title":{"rendered":"CYRIL MEUNIER, MAIRE DE LATTES, VICE-PR\u00c9SIDENT MONTPELLIER M\u00c9DITERRAN\u00c9E M\u00c9TROPOLE, CONSEILLER D\u00c9PARTEMENTAL &#8211; LIBRE \u00c9CHANGE"},"content":{"rendered":"<p><span style=\"color: #000000;\">Dans cette \u00e9mission <strong>Libre-Echange<\/strong>, <strong>Olivier Biscaye<\/strong>, directeur de la R\u00e9daction du <strong>Midi-Libre<\/strong>, re\u00e7oit <strong>Cyril MEUNIER<\/strong>, <strong>Maire de Lattes<\/strong>, Vice-Pr\u00e9sident de <strong>Montpellier M\u00e9diterran\u00e9e M\u00e9tropole<\/strong> et <strong>Conseiller D\u00e9partemental<\/strong>. Il pr\u00e9sente ses valeurs et ses projets.<\/span><\/p>\n<p>&nbsp;<\/p>\n<p><img fetchpriority=\"high\" decoding=\"async\" class=\"alignnone size-full wp-image-7640\" src=\"https:\/\/radio-aviva.com\/perpignan\/wp-content\/uploads\/sites\/7\/2023\/09\/PHOTO-2023-09-14-14-34-37.jpg\" alt=\"\" width=\"2000\" height=\"1500\" srcset=\"https:\/\/radio-aviva.com\/perpignan\/wp-content\/uploads\/sites\/7\/2023\/09\/PHOTO-2023-09-14-14-34-37.jpg 2000w, https:\/\/radio-aviva.com\/perpignan\/wp-content\/uploads\/sites\/7\/2023\/09\/PHOTO-2023-09-14-14-34-37-770x578.jpg 770w, https:\/\/radio-aviva.com\/perpignan\/wp-content\/uploads\/sites\/7\/2023\/09\/PHOTO-2023-09-14-14-34-37-1170x878.jpg 1170w, https:\/\/radio-aviva.com\/perpignan\/wp-content\/uploads\/sites\/7\/2023\/09\/PHOTO-2023-09-14-14-34-37-768x576.jpg 768w, https:\/\/radio-aviva.com\/perpignan\/wp-content\/uploads\/sites\/7\/2023\/09\/PHOTO-2023-09-14-14-34-37-1536x1152.jpg 1536w\" sizes=\"(max-width: 2000px) 100vw, 2000px\" \/><\/p>\n<p>&nbsp;<\/p>\n","protected":false},"author":1,"featured_media":7639,"template":"","tags":[],"podcastfilter":[242,122,124,87],"class_list":["post-7638","podcast","type-podcast","status-publish","has-post-thumbnail","hentry","podcastfilter-avenir","podcastfilter-libre-echange","podcastfilter-midi-libre","podcastfilter-montpellier"],"_links":{"self":[{"href":"https:\/\/radio-aviva.com\/perpignan\/wp-json\/wp\/v2\/podcast\/7638","targetHints":{"allow":["GET"]}}],"collection":[{"href":"https:\/\/radio-aviva.com\/perpignan\/wp-json\/wp\/v2\/podcast"}],"about":[{"href":"https:\/\/radio-aviva.com\/perpignan\/wp-json\/wp\/v2\/types\/podcast"}],"author":[{"embeddable":true,"href":"https:\/\/radio-aviva.com\/perpignan\/wp-json\/wp\/v2\/users\/1"}],"version-history":[{"count":0,"href":"https:\/\/radio-aviva.com\/perpignan\/wp-json\/wp\/v2\/podcast\/7638\/revisions"}],"wp:featuredmedia":[{"embeddable":true,"href":"https:\/\/radio-aviva.com\/perpignan\/wp-json\/wp\/v2\/media\/7639"}],"wp:attachment":[{"href":"https:\/\/radio-aviva.com\/perpignan\/wp-json\/wp\/v2\/media?parent=7638"}],"wp:term":[{"taxonomy":"post_tag","embeddable":true,"href":"https:\/\/radio-aviva.com\/perpignan\/wp-json\/wp\/v2\/tags?post=7638"},{"taxonomy":"podcastfilter","embeddable":true,"href":"https:\/\/radio-aviva.com\/perpignan\/wp-json\/wp\/v2\/podcastfilter?post=7638"}],"curies":[{"name":"wp","href":"https:\/\/api.w.org\/{rel}","templated":true}]}}

CYRIL MEUNIER, MAIRE DE LATTES, VICE-PRÉSIDENT MONTPELLIER MÉDITERRANÉE MÉTROPOLE, CONSEILLER DÉPARTEMENTAL &#8211; LIBRE ÉCHANGE

<p><span style="color: #000000;">Dans cette émission <strong>Libre-Echange</strong>, <strong>Olivier Biscaye</strong>, directeur de la Rédaction du <strong>Midi-Libre</strong>, reçoit <strong>Cyril MEUNIER</strong>, <strong>Maire de Lattes</strong>, Vice-Président de <strong>Montpellier Méditerranée Métropole</strong> et <strong>Conseiller Départemental</strong>. Il présente ses valeurs et ses projets.</span></p>
<p>&nbsp;</p>
<p><img fetchpriority="high" decoding="async" class="alignnone size-full wp-image-7640" src="https://radio-aviva.com/perpignan/wp-content/uploads/sites/7/2023/09/PHOTO-2023-09-14-14-34-37.jpg" alt="" width="2000" height="1500" srcset="https://radio-aviva.com/perpignan/wp-content/uploads/sites/7/2023/09/PHOTO-2023-09-14-14-34-37.jpg 2000w, https://radio-aviva.com/perpignan/wp-content/uploads/sites/7/2023/09/PHOTO-2023-09-14-14-34-37-770x578.jpg 770w, https://radio-aviva.com/perpignan/wp-content/uploads/sites/7/2023/09/PHOTO-2023-09-14-14-34-37-1170x878.jpg 1170w, https://radio-aviva.com/perpignan/wp-content/uploads/sites/7/2023/09/PHOTO-2023-09-14-14-34-37-768x576.jpg 768w, https://radio-aviva.com/perpignan/wp-content/uploads/sites/7/2023/09/PHOTO-2023-09-14-14-34-37-1536x1152.jpg 1536w" sizes="(max-width: 2000px) 100vw, 2000px" /></p>
<p>&nbsp;</p>
