{"id":7673,"date":"2023-09-20T15:00:07","date_gmt":"2023-09-20T13:00:07","guid":{"rendered":"https:\/\/radio-aviva.com\/perpignan\/?post_type=podcast&#038;p=7673"},"modified":"2023-09-19T17:42:37","modified_gmt":"2023-09-19T15:42:37","slug":"candlelight-lea-fesard-responsable-france-belgique-salome-perrot-chef-de-projet","status":"publish","type":"podcast","link":"https:\/\/radio-aviva.com\/perpignan\/podcast\/candlelight-lea-fesard-responsable-france-belgique-salome-perrot-chef-de-projet\/","title":{"rendered":"CANDLELIGHT &#8211; LEA FESARD, RESPONSABLE FRANCE-BELGIQUE, SALOME PERROT, CHEF DE PROJET"},"content":{"rendered":"<p>Candlelight est l&rsquo;un des festival de musique classique \u00e0 la bougie les plus connues au monde. Perpignan, N\u00eemes et Montpellier auront la chance de recevoir plusieurs concerts \u00e0 la chandelle au cour de l&rsquo;ann\u00e9e. L\u00e9a F\u00e9sard, la responsable de ces \u00e9v\u00e9nements, nous pr\u00e9sente sa programmation.<\/p>\n","protected":false},"author":337,"featured_media":7674,"template":"","tags":[],"podcastfilter":[209,150,88,151],"class_list":["post-7673","podcast","type-podcast","status-publish","has-post-thumbnail","hentry","podcastfilter-concert","podcastfilter-entracte","podcastfilter-musique","podcastfilter-patrimoine"],"_links":{"self":[{"href":"https:\/\/radio-aviva.com\/perpignan\/wp-json\/wp\/v2\/podcast\/7673","targetHints":{"allow":["GET"]}}],"collection":[{"href":"https:\/\/radio-aviva.com\/perpignan\/wp-json\/wp\/v2\/podcast"}],"about":[{"href":"https:\/\/radio-aviva.com\/perpignan\/wp-json\/wp\/v2\/types\/podcast"}],"author":[{"embeddable":true,"href":"https:\/\/radio-aviva.com\/perpignan\/wp-json\/wp\/v2\/users\/337"}],"version-history":[{"count":0,"href":"https:\/\/radio-aviva.com\/perpignan\/wp-json\/wp\/v2\/podcast\/7673\/revisions"}],"wp:featuredmedia":[{"embeddable":true,"href":"https:\/\/radio-aviva.com\/perpignan\/wp-json\/wp\/v2\/media\/7674"}],"wp:attachment":[{"href":"https:\/\/radio-aviva.com\/perpignan\/wp-json\/wp\/v2\/media?parent=7673"}],"wp:term":[{"taxonomy":"post_tag","embeddable":true,"href":"https:\/\/radio-aviva.com\/perpignan\/wp-json\/wp\/v2\/tags?post=7673"},{"taxonomy":"podcastfilter","embeddable":true,"href":"https:\/\/radio-aviva.com\/perpignan\/wp-json\/wp\/v2\/podcastfilter?post=7673"}],"curies":[{"name":"wp","href":"https:\/\/api.w.org\/{rel}","templated":true}]}}

<p>Candlelight est l&rsquo;un des festival de musique classique à la bougie les plus connues au monde. Perpignan, Nîmes et Montpellier auront la chance de recevoir plusieurs concerts à la chandelle au cour de l&rsquo;année. Léa Fésard, la responsable de ces événements, nous présente sa programmation.</p>
