{"id":7720,"date":"2023-09-28T12:00:57","date_gmt":"2023-09-28T10:00:57","guid":{"rendered":"https:\/\/radio-aviva.com\/perpignan\/?post_type=podcast&#038;p=7720"},"modified":"2023-09-29T09:52:38","modified_gmt":"2023-09-29T07:52:38","slug":"vivhabitat-frederic-guillaumond-president-sandra-bonnet-directrice","status":"publish","type":"podcast","link":"https:\/\/radio-aviva.com\/perpignan\/podcast\/vivhabitat-frederic-guillaumond-president-sandra-bonnet-directrice\/","title":{"rendered":"VIV&rsquo;HABITAT &#8211; FREDERIC GUILLAUMON,  PRESIDENT, SARAH BONNET,  DIRECTRICE"},"content":{"rendered":"<p>Le salon d\u00e9co et immobilier Viv&rsquo;habitat est de retour au palais des congr\u00e8s de Perpignan. Retrouvez du 29 septembre au 02 octobre diverses animations : conf\u00e9rences, tables rondes, d\u00e9monstrations d\u2019artisanat, ateliers&#8230;<\/p>\n","protected":false},"author":337,"featured_media":7724,"template":"","tags":[],"podcastfilter":[143,211,175,206],"class_list":["post-7720","podcast","type-podcast","status-publish","has-post-thumbnail","hentry","podcastfilter-environnement","podcastfilter-immobilier","podcastfilter-invite-de-la-redaction","podcastfilter-politique-et-institutions-locales"],"_links":{"self":[{"href":"https:\/\/radio-aviva.com\/perpignan\/wp-json\/wp\/v2\/podcast\/7720","targetHints":{"allow":["GET"]}}],"collection":[{"href":"https:\/\/radio-aviva.com\/perpignan\/wp-json\/wp\/v2\/podcast"}],"about":[{"href":"https:\/\/radio-aviva.com\/perpignan\/wp-json\/wp\/v2\/types\/podcast"}],"author":[{"embeddable":true,"href":"https:\/\/radio-aviva.com\/perpignan\/wp-json\/wp\/v2\/users\/337"}],"version-history":[{"count":0,"href":"https:\/\/radio-aviva.com\/perpignan\/wp-json\/wp\/v2\/podcast\/7720\/revisions"}],"wp:featuredmedia":[{"embeddable":true,"href":"https:\/\/radio-aviva.com\/perpignan\/wp-json\/wp\/v2\/media\/7724"}],"wp:attachment":[{"href":"https:\/\/radio-aviva.com\/perpignan\/wp-json\/wp\/v2\/media?parent=7720"}],"wp:term":[{"taxonomy":"post_tag","embeddable":true,"href":"https:\/\/radio-aviva.com\/perpignan\/wp-json\/wp\/v2\/tags?post=7720"},{"taxonomy":"podcastfilter","embeddable":true,"href":"https:\/\/radio-aviva.com\/perpignan\/wp-json\/wp\/v2\/podcastfilter?post=7720"}],"curies":[{"name":"wp","href":"https:\/\/api.w.org\/{rel}","templated":true}]}}

<p>Le salon déco et immobilier Viv&rsquo;habitat est de retour au palais des congrès de Perpignan. Retrouvez du 29 septembre au 02 octobre diverses animations : conférences, tables rondes, démonstrations d’artisanat, ateliers&#8230;</p>
