{"id":7725,"date":"2023-09-28T09:45:06","date_gmt":"2023-09-28T07:45:06","guid":{"rendered":"https:\/\/radio-aviva.com\/perpignan\/?post_type=podcast&#038;p=7725"},"modified":"2023-09-27T14:36:36","modified_gmt":"2023-09-27T12:36:36","slug":"film-faire-lamour-djinn-carrenard-realisateur","status":"publish","type":"podcast","link":"https:\/\/radio-aviva.com\/perpignan\/podcast\/film-faire-lamour-djinn-carrenard-realisateur\/","title":{"rendered":"FILM FAIRE L&rsquo;AMOUR &#8211; DJINN CARRENARD, REALISATEUR"},"content":{"rendered":"<p>\u00ab\u00a0Faire l&rsquo;amour\u00a0\u00bb est un film r\u00e9alis\u00e9 par Djinn Carr\u00e9nard et Salom\u00e9 Blechmans. Une histoire se d\u00e9roulant au plein coeur de Perpignan, un long m\u00e9trage qualifi\u00e9 \u00ab\u00a0d&rsquo;une exploration de l&rsquo;ind\u00e9pendance artistique et de la r\u00e9silience humaine\u00a0\u00bb.<\/p>\n","protected":false},"author":337,"featured_media":7754,"template":"","tags":[],"podcastfilter":[128,165,109],"class_list":["post-7725","podcast","type-podcast","status-publish","has-post-thumbnail","hentry","podcastfilter-cinema","podcastfilter-culture-compagnie","podcastfilter-perpignan"],"_links":{"self":[{"href":"https:\/\/radio-aviva.com\/perpignan\/wp-json\/wp\/v2\/podcast\/7725","targetHints":{"allow":["GET"]}}],"collection":[{"href":"https:\/\/radio-aviva.com\/perpignan\/wp-json\/wp\/v2\/podcast"}],"about":[{"href":"https:\/\/radio-aviva.com\/perpignan\/wp-json\/wp\/v2\/types\/podcast"}],"author":[{"embeddable":true,"href":"https:\/\/radio-aviva.com\/perpignan\/wp-json\/wp\/v2\/users\/337"}],"version-history":[{"count":0,"href":"https:\/\/radio-aviva.com\/perpignan\/wp-json\/wp\/v2\/podcast\/7725\/revisions"}],"wp:featuredmedia":[{"embeddable":true,"href":"https:\/\/radio-aviva.com\/perpignan\/wp-json\/wp\/v2\/media\/7754"}],"wp:attachment":[{"href":"https:\/\/radio-aviva.com\/perpignan\/wp-json\/wp\/v2\/media?parent=7725"}],"wp:term":[{"taxonomy":"post_tag","embeddable":true,"href":"https:\/\/radio-aviva.com\/perpignan\/wp-json\/wp\/v2\/tags?post=7725"},{"taxonomy":"podcastfilter","embeddable":true,"href":"https:\/\/radio-aviva.com\/perpignan\/wp-json\/wp\/v2\/podcastfilter?post=7725"}],"curies":[{"name":"wp","href":"https:\/\/api.w.org\/{rel}","templated":true}]}}

<p>« Faire l&rsquo;amour » est un film réalisé par Djinn Carrénard et Salomé Blechmans. Une histoire se déroulant au plein coeur de Perpignan, un long métrage qualifié « d&rsquo;une exploration de l&rsquo;indépendance artistique et de la résilience humaine ».</p>
