{"id":7753,"date":"2023-09-27T11:38:23","date_gmt":"2023-09-27T09:38:23","guid":{"rendered":"https:\/\/radio-aviva.com\/perpignan\/podcast\/cevennes-transition-tour-e-lapeyronie-coordinatrice\/"},"modified":"2023-09-27T11:38:23","modified_gmt":"2023-09-27T09:38:23","slug":"cevennes-transition-tour-e-lapeyronie-coordinatrice","status":"publish","type":"podcast","link":"https:\/\/radio-aviva.com\/perpignan\/podcast\/cevennes-transition-tour-e-lapeyronie-coordinatrice\/","title":{"rendered":"CEVENNES TRANSITION TOUR &#8211;  E LAPEYRONIE, COORDINATRICE"},"content":{"rendered":"<p>&nbsp;<\/p>\n<p>Ce Mercredi 28 septembre, l&rsquo;invite sportif est <strong>Mme. LAPEYRONIE<\/strong>, coordinatrice pour <strong>\u00ab\u00a0la bougeotte\u00a0\u00bb<\/strong> \u00e0 Ganges pour nous\u00a0parler du <strong>C\u00e9vennes Transition Tour<\/strong> du\u00a0<strong>Jeudi\u00a028 septembre<\/strong> au <strong>vendredi 29 septembre<\/strong> et des activit\u00e9s organis\u00e9es pour l&rsquo;\u00e9venement.<\/p>\n<p>plus d&rsquo;informations sur le site : https:\/\/mairie-anduze.fr\/event\/cevennes-transition-tour\/<\/p>\n","protected":false},"author":1,"featured_media":0,"template":"","tags":[],"podcastfilter":[187,87,188],"class_list":["post-7753","podcast","type-podcast","status-publish","hentry","podcastfilter-linvite-sportif","podcastfilter-montpellier","podcastfilter-sport"],"_links":{"self":[{"href":"https:\/\/radio-aviva.com\/perpignan\/wp-json\/wp\/v2\/podcast\/7753","targetHints":{"allow":["GET"]}}],"collection":[{"href":"https:\/\/radio-aviva.com\/perpignan\/wp-json\/wp\/v2\/podcast"}],"about":[{"href":"https:\/\/radio-aviva.com\/perpignan\/wp-json\/wp\/v2\/types\/podcast"}],"author":[{"embeddable":true,"href":"https:\/\/radio-aviva.com\/perpignan\/wp-json\/wp\/v2\/users\/1"}],"version-history":[{"count":0,"href":"https:\/\/radio-aviva.com\/perpignan\/wp-json\/wp\/v2\/podcast\/7753\/revisions"}],"wp:attachment":[{"href":"https:\/\/radio-aviva.com\/perpignan\/wp-json\/wp\/v2\/media?parent=7753"}],"wp:term":[{"taxonomy":"post_tag","embeddable":true,"href":"https:\/\/radio-aviva.com\/perpignan\/wp-json\/wp\/v2\/tags?post=7753"},{"taxonomy":"podcastfilter","embeddable":true,"href":"https:\/\/radio-aviva.com\/perpignan\/wp-json\/wp\/v2\/podcastfilter?post=7753"}],"curies":[{"name":"wp","href":"https:\/\/api.w.org\/{rel}","templated":true}]}}

<p>&nbsp;</p>
<p>Ce Mercredi 28 septembre, l&rsquo;invite sportif est <strong>Mme. LAPEYRONIE</strong>, coordinatrice pour <strong>« la bougeotte »</strong> à Ganges pour nous parler du <strong>Cévennes Transition Tour</strong> du <strong>Jeudi 28 septembre</strong> au <strong>vendredi 29 septembre</strong> et des activités organisées pour l&rsquo;évenement.</p>
<p>plus d&rsquo;informations sur le site : https://mairie-anduze.fr/event/cevennes-transition-tour/</p>
