{"id":7776,"date":"2023-10-03T12:46:01","date_gmt":"2023-10-03T10:46:01","guid":{"rendered":"https:\/\/radio-aviva.com\/perpignan\/?post_type=podcast&#038;p=7776"},"modified":"2023-10-04T10:32:14","modified_gmt":"2023-10-04T08:32:14","slug":"sport-pour-toi-un-projet-herault-sport-olivier-randoulet-educateur-socio-sportif-et-adjoint-de-service","status":"publish","type":"podcast","link":"https:\/\/radio-aviva.com\/perpignan\/podcast\/sport-pour-toi-un-projet-herault-sport-olivier-randoulet-educateur-socio-sportif-et-adjoint-de-service\/","title":{"rendered":"\u00ab\u00a0SPORT POUR TOI\u00a0\u00bb UN PROJET H\u00c9RAULT SPORT &#8211; OLIVIER RANDOULET, \u00c9DUCATEUR SOCIO-SPORTIF ET ADJOINT DE SERVICE"},"content":{"rendered":"<p>&nbsp;<\/p>\n<p>Ce mardi 3 octobre, l&rsquo;Invit\u00e9 Sportif est Mr Olivier RANDOULET, \u00e9ducateur socio-sportif et adjoint de service pour H\u00e9rault Sport. Il vient nous parler du projet d\u00e9partementale de d\u00e9veloppement socio-sportif, Multisport : \u00ab\u00a0Sport pour toi\u00a0\u00bb.<\/p>\n<p>Tous les mercredis de l&rsquo;ann\u00e9e, simultan\u00e9ment sur 7 sites du d\u00e9partements, des activit\u00e9s sportives sont propos\u00e9es. Plus de 600 jeunes qui participent \u00e0 ce dispositif font leur rentrer ce mercredi 4 octobre 2023.<\/p>\n","protected":false},"author":1,"featured_media":0,"template":"","tags":[],"podcastfilter":[190,258,187,259,188],"class_list":["post-7776","podcast","type-podcast","status-publish","hentry","podcastfilter-association","podcastfilter-herault","podcastfilter-linvite-sportif","podcastfilter-social","podcastfilter-sport"],"_links":{"self":[{"href":"https:\/\/radio-aviva.com\/perpignan\/wp-json\/wp\/v2\/podcast\/7776","targetHints":{"allow":["GET"]}}],"collection":[{"href":"https:\/\/radio-aviva.com\/perpignan\/wp-json\/wp\/v2\/podcast"}],"about":[{"href":"https:\/\/radio-aviva.com\/perpignan\/wp-json\/wp\/v2\/types\/podcast"}],"author":[{"embeddable":true,"href":"https:\/\/radio-aviva.com\/perpignan\/wp-json\/wp\/v2\/users\/1"}],"version-history":[{"count":0,"href":"https:\/\/radio-aviva.com\/perpignan\/wp-json\/wp\/v2\/podcast\/7776\/revisions"}],"wp:attachment":[{"href":"https:\/\/radio-aviva.com\/perpignan\/wp-json\/wp\/v2\/media?parent=7776"}],"wp:term":[{"taxonomy":"post_tag","embeddable":true,"href":"https:\/\/radio-aviva.com\/perpignan\/wp-json\/wp\/v2\/tags?post=7776"},{"taxonomy":"podcastfilter","embeddable":true,"href":"https:\/\/radio-aviva.com\/perpignan\/wp-json\/wp\/v2\/podcastfilter?post=7776"}],"curies":[{"name":"wp","href":"https:\/\/api.w.org\/{rel}","templated":true}]}}

« SPORT POUR TOI » UN PROJET HÉRAULT SPORT &#8211; OLIVIER RANDOULET, ÉDUCATEUR SOCIO-SPORTIF ET ADJOINT DE SERVICE

<p>&nbsp;</p>
<p>Ce mardi 3 octobre, l&rsquo;Invité Sportif est Mr Olivier RANDOULET, éducateur socio-sportif et adjoint de service pour Hérault Sport. Il vient nous parler du projet départementale de développement socio-sportif, Multisport : « Sport pour toi ».</p>
<p>Tous les mercredis de l&rsquo;année, simultanément sur 7 sites du départements, des activités sportives sont proposées. Plus de 600 jeunes qui participent à ce dispositif font leur rentrer ce mercredi 4 octobre 2023.</p>
