{"id":7786,"date":"2023-10-06T12:00:28","date_gmt":"2023-10-06T10:00:28","guid":{"rendered":"https:\/\/radio-aviva.com\/perpignan\/?post_type=podcast&#038;p=7786"},"modified":"2023-10-04T11:46:38","modified_gmt":"2023-10-04T09:46:38","slug":"fete-de-la-science-francois-vernay-enseignant-chercheur","status":"publish","type":"podcast","link":"https:\/\/radio-aviva.com\/perpignan\/podcast\/fete-de-la-science-francois-vernay-enseignant-chercheur\/","title":{"rendered":"F\u00caTE DE LA SCIENCE &#8211; FRANCOIS VERNAY, ENSEIGNANT CHERCHEUR"},"content":{"rendered":"<p>Le Village des Sciences de Perpignan, sur le campus de l&rsquo;Universit\u00e9 de Perpignan Via Domitia (UPVD), est une manifestation annuelle faisant partie d&rsquo;un \u00e9v\u00e9nement national qui fait le lien entre les Sciences et les citoyens. Fran\u00e7ois Vernay, chef du d\u00e9partement G\u00e9nie industriel et Maintenance vient nous pr\u00e9senter l&rsquo;\u00e9v\u00e9nement qui se d\u00e9roule du 12 au 14 octobre prochain.<\/p>\n","protected":false},"author":337,"featured_media":7789,"template":"","tags":[],"podcastfilter":[171,147,208,255,221,235,175,227,188],"class_list":["post-7786","podcast","type-podcast","status-publish","has-post-thumbnail","hentry","podcastfilter-ateliers","podcastfilter-campus","podcastfilter-conference","podcastfilter-evenement","podcastfilter-fac","podcastfilter-fete","podcastfilter-invite-de-la-redaction","podcastfilter-sciences","podcastfilter-sport"],"_links":{"self":[{"href":"https:\/\/radio-aviva.com\/perpignan\/wp-json\/wp\/v2\/podcast\/7786","targetHints":{"allow":["GET"]}}],"collection":[{"href":"https:\/\/radio-aviva.com\/perpignan\/wp-json\/wp\/v2\/podcast"}],"about":[{"href":"https:\/\/radio-aviva.com\/perpignan\/wp-json\/wp\/v2\/types\/podcast"}],"author":[{"embeddable":true,"href":"https:\/\/radio-aviva.com\/perpignan\/wp-json\/wp\/v2\/users\/337"}],"version-history":[{"count":0,"href":"https:\/\/radio-aviva.com\/perpignan\/wp-json\/wp\/v2\/podcast\/7786\/revisions"}],"wp:featuredmedia":[{"embeddable":true,"href":"https:\/\/radio-aviva.com\/perpignan\/wp-json\/wp\/v2\/media\/7789"}],"wp:attachment":[{"href":"https:\/\/radio-aviva.com\/perpignan\/wp-json\/wp\/v2\/media?parent=7786"}],"wp:term":[{"taxonomy":"post_tag","embeddable":true,"href":"https:\/\/radio-aviva.com\/perpignan\/wp-json\/wp\/v2\/tags?post=7786"},{"taxonomy":"podcastfilter","embeddable":true,"href":"https:\/\/radio-aviva.com\/perpignan\/wp-json\/wp\/v2\/podcastfilter?post=7786"}],"curies":[{"name":"wp","href":"https:\/\/api.w.org\/{rel}","templated":true}]}}

FÊTE DE LA SCIENCE &#8211; FRANCOIS VERNAY, ENSEIGNANT CHERCHEUR

<p>Le Village des Sciences de Perpignan, sur le campus de l&rsquo;Université de Perpignan Via Domitia (UPVD), est une manifestation annuelle faisant partie d&rsquo;un événement national qui fait le lien entre les Sciences et les citoyens. François Vernay, chef du département Génie industriel et Maintenance vient nous présenter l&rsquo;événement qui se déroule du 12 au 14 octobre prochain.</p>
