{"id":7821,"date":"2023-10-10T10:00:21","date_gmt":"2023-10-10T08:00:21","guid":{"rendered":"https:\/\/radio-aviva.com\/perpignan\/?post_type=podcast&#038;p=7821"},"modified":"2023-10-09T12:23:59","modified_gmt":"2023-10-09T10:23:59","slug":"salon-du-lego-rodolphe-soler-president-brick66","status":"publish","type":"podcast","link":"https:\/\/radio-aviva.com\/perpignan\/podcast\/salon-du-lego-rodolphe-soler-president-brick66\/","title":{"rendered":"SALON DU  LEGO &#8211; RODOLPHE SOLER, PRESIDENT BRICK66"},"content":{"rendered":"<p>Bricks66 organise le salon du Lego nomm\u00e9 \u00ab\u00a0Le monde des sorciers\u00a0\u00bb du 14 au 15 octobre \u00e0 Banyuls-sur-Mer. Au programme, des expositions de Lego insolites, la possibilit\u00e9 de s&rsquo;amuser avec des tables de jeux mais \u00e9galement deux nouveaut\u00e9s pour cette ann\u00e9e. Une tombola au profit d&rsquo;un refuge animalier du d\u00e9partement et la pr\u00e9sence sur place de l&rsquo;association Le FunPlay. Un beau week-end pour se r\u00e9galer autour du jouet mythique de notre enfance.<\/p>\n","protected":false},"author":337,"featured_media":7822,"template":"","tags":[],"podcastfilter":[190,134,167],"class_list":["post-7821","podcast","type-podcast","status-publish","has-post-thumbnail","hentry","podcastfilter-association","podcastfilter-exposition","podcastfilter-festival"],"_links":{"self":[{"href":"https:\/\/radio-aviva.com\/perpignan\/wp-json\/wp\/v2\/podcast\/7821","targetHints":{"allow":["GET"]}}],"collection":[{"href":"https:\/\/radio-aviva.com\/perpignan\/wp-json\/wp\/v2\/podcast"}],"about":[{"href":"https:\/\/radio-aviva.com\/perpignan\/wp-json\/wp\/v2\/types\/podcast"}],"author":[{"embeddable":true,"href":"https:\/\/radio-aviva.com\/perpignan\/wp-json\/wp\/v2\/users\/337"}],"version-history":[{"count":0,"href":"https:\/\/radio-aviva.com\/perpignan\/wp-json\/wp\/v2\/podcast\/7821\/revisions"}],"wp:featuredmedia":[{"embeddable":true,"href":"https:\/\/radio-aviva.com\/perpignan\/wp-json\/wp\/v2\/media\/7822"}],"wp:attachment":[{"href":"https:\/\/radio-aviva.com\/perpignan\/wp-json\/wp\/v2\/media?parent=7821"}],"wp:term":[{"taxonomy":"post_tag","embeddable":true,"href":"https:\/\/radio-aviva.com\/perpignan\/wp-json\/wp\/v2\/tags?post=7821"},{"taxonomy":"podcastfilter","embeddable":true,"href":"https:\/\/radio-aviva.com\/perpignan\/wp-json\/wp\/v2\/podcastfilter?post=7821"}],"curies":[{"name":"wp","href":"https:\/\/api.w.org\/{rel}","templated":true}]}}

<p>Bricks66 organise le salon du Lego nommé « Le monde des sorciers » du 14 au 15 octobre à Banyuls-sur-Mer. Au programme, des expositions de Lego insolites, la possibilité de s&rsquo;amuser avec des tables de jeux mais également deux nouveautés pour cette année. Une tombola au profit d&rsquo;un refuge animalier du département et la présence sur place de l&rsquo;association Le FunPlay. Un beau week-end pour se régaler autour du jouet mythique de notre enfance.</p>
