{"id":7825,"date":"2023-10-11T10:00:49","date_gmt":"2023-10-11T08:00:49","guid":{"rendered":"https:\/\/radio-aviva.com\/perpignan\/?post_type=podcast&#038;p=7825"},"modified":"2023-10-09T13:07:03","modified_gmt":"2023-10-09T11:07:03","slug":"le-film-ladieu-fanny-touron-emeline-castaneda-realisatrices","status":"publish","type":"podcast","link":"https:\/\/radio-aviva.com\/perpignan\/podcast\/le-film-ladieu-fanny-touron-emeline-castaneda-realisatrices\/","title":{"rendered":"LE FILM L&rsquo;ADIEU &#8211; FANNY TOURON, EMELINE CASTANEDA, REALISATRICES"},"content":{"rendered":"<p>R\u00e9cemment, un tournage dans la casa musicale a pris forme. Deux r\u00e9alisatrices parisiennes ont accompagn\u00e9es quatre adolescentes gitanes de Saint-Jacques pour la r\u00e9alisation d&rsquo;un court-m\u00e9trage qui met en image leurs r\u00eaves d&rsquo;une vie \u00e9mancip\u00e9e : L&rsquo;ADIEU<\/p>\n","protected":false},"author":337,"featured_media":7826,"template":"","tags":[],"podcastfilter":[168,128,129,166,234,152,109],"class_list":["post-7825","podcast","type-podcast","status-publish","has-post-thumbnail","hentry","podcastfilter-artiste","podcastfilter-cinema","podcastfilter-comedien","podcastfilter-femme","podcastfilter-interculturel","podcastfilter-lien-social","podcastfilter-perpignan"],"_links":{"self":[{"href":"https:\/\/radio-aviva.com\/perpignan\/wp-json\/wp\/v2\/podcast\/7825","targetHints":{"allow":["GET"]}}],"collection":[{"href":"https:\/\/radio-aviva.com\/perpignan\/wp-json\/wp\/v2\/podcast"}],"about":[{"href":"https:\/\/radio-aviva.com\/perpignan\/wp-json\/wp\/v2\/types\/podcast"}],"author":[{"embeddable":true,"href":"https:\/\/radio-aviva.com\/perpignan\/wp-json\/wp\/v2\/users\/337"}],"version-history":[{"count":0,"href":"https:\/\/radio-aviva.com\/perpignan\/wp-json\/wp\/v2\/podcast\/7825\/revisions"}],"wp:featuredmedia":[{"embeddable":true,"href":"https:\/\/radio-aviva.com\/perpignan\/wp-json\/wp\/v2\/media\/7826"}],"wp:attachment":[{"href":"https:\/\/radio-aviva.com\/perpignan\/wp-json\/wp\/v2\/media?parent=7825"}],"wp:term":[{"taxonomy":"post_tag","embeddable":true,"href":"https:\/\/radio-aviva.com\/perpignan\/wp-json\/wp\/v2\/tags?post=7825"},{"taxonomy":"podcastfilter","embeddable":true,"href":"https:\/\/radio-aviva.com\/perpignan\/wp-json\/wp\/v2\/podcastfilter?post=7825"}],"curies":[{"name":"wp","href":"https:\/\/api.w.org\/{rel}","templated":true}]}}

<p>Récemment, un tournage dans la casa musicale a pris forme. Deux réalisatrices parisiennes ont accompagnées quatre adolescentes gitanes de Saint-Jacques pour la réalisation d&rsquo;un court-métrage qui met en image leurs rêves d&rsquo;une vie émancipée : L&rsquo;ADIEU</p>
