{"id":7831,"date":"2023-10-09T22:01:22","date_gmt":"2023-10-09T20:01:22","guid":{"rendered":"https:\/\/radio-aviva.com\/perpignan\/podcast\/campus-avec-liliane-dray-futurapolis-sante\/"},"modified":"2023-10-09T22:01:22","modified_gmt":"2023-10-09T20:01:22","slug":"campus-avec-liliane-dray-futurapolis-sante","status":"publish","type":"podcast","link":"https:\/\/radio-aviva.com\/perpignan\/podcast\/campus-avec-liliane-dray-futurapolis-sante\/","title":{"rendered":"CAMPUS &#8211; AVEC LILIANE DRAY &#8211; FUTURAPOLIS SANTE"},"content":{"rendered":"<p>Nous allons dans ce sp\u00e9cial campus vous parler d\u2019une actualit\u00e9 qui revient<br \/>\ntous les ans et que le public montpellierain commence \u00e0 bien connaitre, il s\u2019agit de<br \/>\nFuturapolis Sant\u00e9<\/p>\n<p>\uf0b7 Les affiches des six \u00e9ditions pr\u00e9c\u00e9dentes de Futurapolis Sant\u00e9, illustraient<br \/>\nchacune la th\u00e9matique choisie par le Point, alors cette ann\u00e9e, quel a \u00e9t\u00e9 le th\u00e8me retenu\u00a0?<br \/>\n\uf0b7 Au-del\u00e0 des conf\u00e9rences, Futurapolis Sant\u00e9\u00a0proposera \u00e9galement au public<br \/>\npendant les deux jours, des animations d\u2019ateliers, des jeux et des d\u00e9monstrations, au<br \/>\npremier \u00e9tage de l\u2019Op\u00e9ra Com\u00e9die, on va vous en parler\u2026.<br \/>\n\uf0b7 Qq infos pratiques, l\u2019\u00e9v\u00e9nement est gratuit et accueille les visiteurs sur<br \/>\ninscription en ligne gratuite mais obligatoire.\u00a0 Le programme et le lien de billetterie\u00a0sont<br \/>\n\u00e0 l\u2019adresse \u00a0https:\/\/evenements.lepoint.fr\/<br \/>\nOn rappelle les dates, les 13 et 14 octobre 2023 \u00e0 l\u2019Op\u00e9ra Com\u00e9die, le vendredi ce sera<br \/>\nentre 10h et 18h30 et Samedi entre 9h45 et 17h\u2026.Et Radio Aviva sera l\u00e0 \u00e9galement\u00a0!<\/p>\n","protected":false},"author":1,"featured_media":0,"template":"","tags":[],"podcastfilter":[147,126,174],"class_list":["post-7831","podcast","type-podcast","status-publish","hentry","podcastfilter-campus","podcastfilter-education","podcastfilter-universite"],"_links":{"self":[{"href":"https:\/\/radio-aviva.com\/perpignan\/wp-json\/wp\/v2\/podcast\/7831","targetHints":{"allow":["GET"]}}],"collection":[{"href":"https:\/\/radio-aviva.com\/perpignan\/wp-json\/wp\/v2\/podcast"}],"about":[{"href":"https:\/\/radio-aviva.com\/perpignan\/wp-json\/wp\/v2\/types\/podcast"}],"author":[{"embeddable":true,"href":"https:\/\/radio-aviva.com\/perpignan\/wp-json\/wp\/v2\/users\/1"}],"version-history":[{"count":0,"href":"https:\/\/radio-aviva.com\/perpignan\/wp-json\/wp\/v2\/podcast\/7831\/revisions"}],"wp:attachment":[{"href":"https:\/\/radio-aviva.com\/perpignan\/wp-json\/wp\/v2\/media?parent=7831"}],"wp:term":[{"taxonomy":"post_tag","embeddable":true,"href":"https:\/\/radio-aviva.com\/perpignan\/wp-json\/wp\/v2\/tags?post=7831"},{"taxonomy":"podcastfilter","embeddable":true,"href":"https:\/\/radio-aviva.com\/perpignan\/wp-json\/wp\/v2\/podcastfilter?post=7831"}],"curies":[{"name":"wp","href":"https:\/\/api.w.org\/{rel}","templated":true}]}}

<p>Nous allons dans ce spécial campus vous parler d’une actualité qui revient<br />
tous les ans et que le public montpellierain commence à bien connaitre, il s’agit de<br />
Futurapolis Santé</p>
<p> Les affiches des six éditions précédentes de Futurapolis Santé, illustraient<br />
chacune la thématique choisie par le Point, alors cette année, quel a été le thème retenu ?<br />
 Au-delà des conférences, Futurapolis Santé proposera également au public<br />
pendant les deux jours, des animations d’ateliers, des jeux et des démonstrations, au<br />
premier étage de l’Opéra Comédie, on va vous en parler….<br />
 Qq infos pratiques, l’événement est gratuit et accueille les visiteurs sur<br />
inscription en ligne gratuite mais obligatoire.  Le programme et le lien de billetterie sont<br />
à l’adresse  https://evenements.lepoint.fr/<br />
On rappelle les dates, les 13 et 14 octobre 2023 à l’Opéra Comédie, le vendredi ce sera<br />
entre 10h et 18h30 et Samedi entre 9h45 et 17h….Et Radio Aviva sera là également !</p>
