{"id":7927,"date":"2023-10-16T15:37:57","date_gmt":"2023-10-16T13:37:57","guid":{"rendered":"https:\/\/radio-aviva.com\/perpignan\/?post_type=podcast&#038;p=7927"},"modified":"2023-10-16T15:37:57","modified_gmt":"2023-10-16T13:37:57","slug":"semaine-dinformation-sur-la-sante-mentale-unafam","status":"publish","type":"podcast","link":"https:\/\/radio-aviva.com\/perpignan\/podcast\/semaine-dinformation-sur-la-sante-mentale-unafam\/","title":{"rendered":"SEMAINE D&rsquo;INFORMATION SUR LA SANT\u00c9 MENTALE  &#8211; CATHERINE ERRIEN, DELEGUEE DEPARTEMENTALE, UNAFAM"},"content":{"rendered":"<p>Pr\u00e9sentation de l&rsquo;UNAFAM par la d\u00e9l\u00e9gu\u00e9e d\u00e9partementale Catherine Errien et point sur la 34\u00e8me \u00e9dition de la semaine d&rsquo;information sur la sant\u00e9 mentale:<\/p>\n","protected":false},"author":337,"featured_media":7928,"template":"","tags":[],"podcastfilter":[190,191,152,138,196],"class_list":["post-7927","podcast","type-podcast","status-publish","has-post-thumbnail","hentry","podcastfilter-association","podcastfilter-bien-etre-2","podcastfilter-lien-social","podcastfilter-lutte-contre-les-discriminations","podcastfilter-sante-mentale"],"_links":{"self":[{"href":"https:\/\/radio-aviva.com\/perpignan\/wp-json\/wp\/v2\/podcast\/7927","targetHints":{"allow":["GET"]}}],"collection":[{"href":"https:\/\/radio-aviva.com\/perpignan\/wp-json\/wp\/v2\/podcast"}],"about":[{"href":"https:\/\/radio-aviva.com\/perpignan\/wp-json\/wp\/v2\/types\/podcast"}],"author":[{"embeddable":true,"href":"https:\/\/radio-aviva.com\/perpignan\/wp-json\/wp\/v2\/users\/337"}],"version-history":[{"count":0,"href":"https:\/\/radio-aviva.com\/perpignan\/wp-json\/wp\/v2\/podcast\/7927\/revisions"}],"wp:featuredmedia":[{"embeddable":true,"href":"https:\/\/radio-aviva.com\/perpignan\/wp-json\/wp\/v2\/media\/7928"}],"wp:attachment":[{"href":"https:\/\/radio-aviva.com\/perpignan\/wp-json\/wp\/v2\/media?parent=7927"}],"wp:term":[{"taxonomy":"post_tag","embeddable":true,"href":"https:\/\/radio-aviva.com\/perpignan\/wp-json\/wp\/v2\/tags?post=7927"},{"taxonomy":"podcastfilter","embeddable":true,"href":"https:\/\/radio-aviva.com\/perpignan\/wp-json\/wp\/v2\/podcastfilter?post=7927"}],"curies":[{"name":"wp","href":"https:\/\/api.w.org\/{rel}","templated":true}]}}

SEMAINE D&rsquo;INFORMATION SUR LA SANTÉ MENTALE  &#8211; CATHERINE ERRIEN, DELEGUEE DEPARTEMENTALE, UNAFAM

<p>Présentation de l&rsquo;UNAFAM par la déléguée départementale Catherine Errien et point sur la 34ème édition de la semaine d&rsquo;information sur la santé mentale:</p>
