{"id":7934,"date":"2023-10-19T15:02:02","date_gmt":"2023-10-19T13:02:02","guid":{"rendered":"https:\/\/radio-aviva.com\/perpignan\/?post_type=podcast&#038;p=7934"},"modified":"2023-10-17T11:23:37","modified_gmt":"2023-10-17T09:23:37","slug":"institut-jean-vigo-manon-billaut-directrice","status":"publish","type":"podcast","link":"https:\/\/radio-aviva.com\/perpignan\/podcast\/institut-jean-vigo-manon-billaut-directrice\/","title":{"rendered":"INSTITUT JEAN VIGO &#8211; MANON BILLAUT, DIRECTRICE"},"content":{"rendered":"<p>Manon Billaut, nouvelle directrice de l&rsquo;institut Jean-Vigo, nous pr\u00e9sente la programmation Octobre-D\u00e9cembre de la cin\u00e9math\u00e8que. Des soir\u00e9es cin\u00e9mas, avec toujours plus d&rsquo;invit\u00e9s et de d\u00e9bats.<\/p>\n","protected":false},"author":337,"featured_media":7935,"template":"","tags":[],"podcastfilter":[128,150,255,109,200],"class_list":["post-7934","podcast","type-podcast","status-publish","has-post-thumbnail","hentry","podcastfilter-cinema","podcastfilter-entracte","podcastfilter-evenement","podcastfilter-perpignan","podcastfilter-spectacle"],"_links":{"self":[{"href":"https:\/\/radio-aviva.com\/perpignan\/wp-json\/wp\/v2\/podcast\/7934","targetHints":{"allow":["GET"]}}],"collection":[{"href":"https:\/\/radio-aviva.com\/perpignan\/wp-json\/wp\/v2\/podcast"}],"about":[{"href":"https:\/\/radio-aviva.com\/perpignan\/wp-json\/wp\/v2\/types\/podcast"}],"author":[{"embeddable":true,"href":"https:\/\/radio-aviva.com\/perpignan\/wp-json\/wp\/v2\/users\/337"}],"version-history":[{"count":0,"href":"https:\/\/radio-aviva.com\/perpignan\/wp-json\/wp\/v2\/podcast\/7934\/revisions"}],"wp:featuredmedia":[{"embeddable":true,"href":"https:\/\/radio-aviva.com\/perpignan\/wp-json\/wp\/v2\/media\/7935"}],"wp:attachment":[{"href":"https:\/\/radio-aviva.com\/perpignan\/wp-json\/wp\/v2\/media?parent=7934"}],"wp:term":[{"taxonomy":"post_tag","embeddable":true,"href":"https:\/\/radio-aviva.com\/perpignan\/wp-json\/wp\/v2\/tags?post=7934"},{"taxonomy":"podcastfilter","embeddable":true,"href":"https:\/\/radio-aviva.com\/perpignan\/wp-json\/wp\/v2\/podcastfilter?post=7934"}],"curies":[{"name":"wp","href":"https:\/\/api.w.org\/{rel}","templated":true}]}}

<p>Manon Billaut, nouvelle directrice de l&rsquo;institut Jean-Vigo, nous présente la programmation Octobre-Décembre de la cinémathèque. Des soirées cinémas, avec toujours plus d&rsquo;invités et de débats.</p>
