{"id":7937,"date":"2023-10-19T09:00:19","date_gmt":"2023-10-19T07:00:19","guid":{"rendered":"https:\/\/radio-aviva.com\/perpignan\/?post_type=podcast&#038;p=7937"},"modified":"2023-10-17T12:26:32","modified_gmt":"2023-10-17T10:26:32","slug":"festival-fff-a-ceret-pierre-alfred-eberhard-directeur-artistique-courts-circuit66","status":"publish","type":"podcast","link":"https:\/\/radio-aviva.com\/perpignan\/podcast\/festival-fff-a-ceret-pierre-alfred-eberhard-directeur-artistique-courts-circuit66\/","title":{"rendered":"FESTIVAL FFF A CERET &#8211; PIERRE-ALFRED EBERHARD, DIRECTEUR ARTISTIQUE, COURTS-CIRCUIT66"},"content":{"rendered":"<p>Le FFF, autrement dit Fronti\u00e8res Films Festival est le tout nouveau projet de l&rsquo;association Courts-Circuit 66. En partenariat avec le lyc\u00e9e D\u00e9odat de Severac \u00e0 C\u00e9ret, le mus\u00e9e d&rsquo;art moderne et le cin\u00e9ma c\u00e9r\u00e9tan, ce festival \u00e0 pour but de r\u00e9unir plus de 1000 lyc\u00e9ens autour de films et d&rsquo;ateliers p\u00e9dagogiques.<\/p>\n","protected":false},"author":337,"featured_media":7941,"template":"","tags":[],"podcastfilter":[170,171,128,165,126,167,215],"class_list":["post-7937","podcast","type-podcast","status-publish","has-post-thumbnail","hentry","podcastfilter-actions-culturelles","podcastfilter-ateliers","podcastfilter-cinema","podcastfilter-culture-compagnie","podcastfilter-education","podcastfilter-festival","podcastfilter-lycee"],"_links":{"self":[{"href":"https:\/\/radio-aviva.com\/perpignan\/wp-json\/wp\/v2\/podcast\/7937","targetHints":{"allow":["GET"]}}],"collection":[{"href":"https:\/\/radio-aviva.com\/perpignan\/wp-json\/wp\/v2\/podcast"}],"about":[{"href":"https:\/\/radio-aviva.com\/perpignan\/wp-json\/wp\/v2\/types\/podcast"}],"author":[{"embeddable":true,"href":"https:\/\/radio-aviva.com\/perpignan\/wp-json\/wp\/v2\/users\/337"}],"version-history":[{"count":0,"href":"https:\/\/radio-aviva.com\/perpignan\/wp-json\/wp\/v2\/podcast\/7937\/revisions"}],"wp:featuredmedia":[{"embeddable":true,"href":"https:\/\/radio-aviva.com\/perpignan\/wp-json\/wp\/v2\/media\/7941"}],"wp:attachment":[{"href":"https:\/\/radio-aviva.com\/perpignan\/wp-json\/wp\/v2\/media?parent=7937"}],"wp:term":[{"taxonomy":"post_tag","embeddable":true,"href":"https:\/\/radio-aviva.com\/perpignan\/wp-json\/wp\/v2\/tags?post=7937"},{"taxonomy":"podcastfilter","embeddable":true,"href":"https:\/\/radio-aviva.com\/perpignan\/wp-json\/wp\/v2\/podcastfilter?post=7937"}],"curies":[{"name":"wp","href":"https:\/\/api.w.org\/{rel}","templated":true}]}}

<p>Le FFF, autrement dit Frontières Films Festival est le tout nouveau projet de l&rsquo;association Courts-Circuit 66. En partenariat avec le lycée Déodat de Severac à Céret, le musée d&rsquo;art moderne et le cinéma cérétan, ce festival à pour but de réunir plus de 1000 lycéens autour de films et d&rsquo;ateliers pédagogiques.</p>
