{"id":7953,"date":"2023-10-18T09:45:36","date_gmt":"2023-10-18T07:45:36","guid":{"rendered":"https:\/\/radio-aviva.com\/perpignan\/?post_type=podcast&#038;p=7953"},"modified":"2023-10-17T14:07:09","modified_gmt":"2023-10-17T12:07:09","slug":"festes-catalanes-de-cabestany-olivier-babinot-responsable-centre-culturel-jean-ferrat","status":"publish","type":"podcast","link":"https:\/\/radio-aviva.com\/perpignan\/podcast\/festes-catalanes-de-cabestany-olivier-babinot-responsable-centre-culturel-jean-ferrat\/","title":{"rendered":"FESTES CATALANES DE CABESTANY- OLIVIER BABINOT, RESPONSABLE CENTRE CULTUREL JEAN FERRAT"},"content":{"rendered":"<p>Les Festes Catalanes, \u00e9dition 2023, prenent place jusqu&rsquo;au 22 octobre \u00e0 Cabestany. Olivier Babinot, responsable du centre culturel Jean Ferrat vient nous pr\u00e9senter l&rsquo;\u00e9v\u00e9nement.<\/p>\n","protected":false},"author":337,"featured_media":7957,"template":"","tags":[],"podcastfilter":[170,260,127,235,151],"class_list":["post-7953","podcast","type-podcast","status-publish","has-post-thumbnail","hentry","podcastfilter-actions-culturelles","podcastfilter-catalanite","podcastfilter-culture-et-compagnie","podcastfilter-fete","podcastfilter-patrimoine"],"_links":{"self":[{"href":"https:\/\/radio-aviva.com\/perpignan\/wp-json\/wp\/v2\/podcast\/7953","targetHints":{"allow":["GET"]}}],"collection":[{"href":"https:\/\/radio-aviva.com\/perpignan\/wp-json\/wp\/v2\/podcast"}],"about":[{"href":"https:\/\/radio-aviva.com\/perpignan\/wp-json\/wp\/v2\/types\/podcast"}],"author":[{"embeddable":true,"href":"https:\/\/radio-aviva.com\/perpignan\/wp-json\/wp\/v2\/users\/337"}],"version-history":[{"count":0,"href":"https:\/\/radio-aviva.com\/perpignan\/wp-json\/wp\/v2\/podcast\/7953\/revisions"}],"wp:featuredmedia":[{"embeddable":true,"href":"https:\/\/radio-aviva.com\/perpignan\/wp-json\/wp\/v2\/media\/7957"}],"wp:attachment":[{"href":"https:\/\/radio-aviva.com\/perpignan\/wp-json\/wp\/v2\/media?parent=7953"}],"wp:term":[{"taxonomy":"post_tag","embeddable":true,"href":"https:\/\/radio-aviva.com\/perpignan\/wp-json\/wp\/v2\/tags?post=7953"},{"taxonomy":"podcastfilter","embeddable":true,"href":"https:\/\/radio-aviva.com\/perpignan\/wp-json\/wp\/v2\/podcastfilter?post=7953"}],"curies":[{"name":"wp","href":"https:\/\/api.w.org\/{rel}","templated":true}]}}

<p>Les Festes Catalanes, édition 2023, prenent place jusqu&rsquo;au 22 octobre à Cabestany. Olivier Babinot, responsable du centre culturel Jean Ferrat vient nous présenter l&rsquo;événement.</p>
