{"id":7955,"date":"2023-10-18T12:00:59","date_gmt":"2023-10-18T10:00:59","guid":{"rendered":"https:\/\/radio-aviva.com\/perpignan\/?post_type=podcast&#038;p=7955"},"modified":"2023-10-17T14:05:21","modified_gmt":"2023-10-17T12:05:21","slug":"festival-graines-essentielles-nathalie-jurado-presidente-de-lassociation-essentiellement-positif","status":"publish","type":"podcast","link":"https:\/\/radio-aviva.com\/perpignan\/podcast\/festival-graines-essentielles-nathalie-jurado-presidente-de-lassociation-essentiellement-positif\/","title":{"rendered":"FESTIVAL GRAINES ESSENTIELLES &#8211; NATHALIE JURADO, PR\u00c9SIDENTE DE L&rsquo;ASSOCIATION ESSENTIELLEMENT POSITIF"},"content":{"rendered":"<p>Nathalie Jurado, pr\u00e9sidente de l&rsquo;association Essentiellement positif est venue nous pr\u00e9senter le Festival graine essentielle, qui se passe le 21 et 22 octobre au centre culturel Jean Jaur\u00e8s de Pia.<\/p>\n","protected":false},"author":337,"featured_media":7959,"template":"","tags":[],"podcastfilter":[190,191,142,126,255,167,152,54,119,259],"class_list":["post-7955","podcast","type-podcast","status-publish","has-post-thumbnail","hentry","podcastfilter-association","podcastfilter-bien-etre-2","podcastfilter-ecologie","podcastfilter-education","podcastfilter-evenement","podcastfilter-festival","podcastfilter-lien-social","podcastfilter-lifestyle","podcastfilter-sante","podcastfilter-social"],"_links":{"self":[{"href":"https:\/\/radio-aviva.com\/perpignan\/wp-json\/wp\/v2\/podcast\/7955","targetHints":{"allow":["GET"]}}],"collection":[{"href":"https:\/\/radio-aviva.com\/perpignan\/wp-json\/wp\/v2\/podcast"}],"about":[{"href":"https:\/\/radio-aviva.com\/perpignan\/wp-json\/wp\/v2\/types\/podcast"}],"author":[{"embeddable":true,"href":"https:\/\/radio-aviva.com\/perpignan\/wp-json\/wp\/v2\/users\/337"}],"version-history":[{"count":0,"href":"https:\/\/radio-aviva.com\/perpignan\/wp-json\/wp\/v2\/podcast\/7955\/revisions"}],"wp:featuredmedia":[{"embeddable":true,"href":"https:\/\/radio-aviva.com\/perpignan\/wp-json\/wp\/v2\/media\/7959"}],"wp:attachment":[{"href":"https:\/\/radio-aviva.com\/perpignan\/wp-json\/wp\/v2\/media?parent=7955"}],"wp:term":[{"taxonomy":"post_tag","embeddable":true,"href":"https:\/\/radio-aviva.com\/perpignan\/wp-json\/wp\/v2\/tags?post=7955"},{"taxonomy":"podcastfilter","embeddable":true,"href":"https:\/\/radio-aviva.com\/perpignan\/wp-json\/wp\/v2\/podcastfilter?post=7955"}],"curies":[{"name":"wp","href":"https:\/\/api.w.org\/{rel}","templated":true}]}}

FESTIVAL GRAINES ESSENTIELLES &#8211; NATHALIE JURADO, PRÉSIDENTE DE L&rsquo;ASSOCIATION ESSENTIELLEMENT POSITIF

<p>Nathalie Jurado, présidente de l&rsquo;association Essentiellement positif est venue nous présenter le Festival graine essentielle, qui se passe le 21 et 22 octobre au centre culturel Jean Jaurès de Pia.</p>
