{"id":7977,"date":"2023-10-22T09:45:08","date_gmt":"2023-10-22T07:45:08","guid":{"rendered":"https:\/\/radio-aviva.com\/perpignan\/?post_type=podcast&#038;p=7977"},"modified":"2023-10-19T16:00:41","modified_gmt":"2023-10-19T14:00:41","slug":"equilibre66-julie-serra-directrice","status":"publish","type":"podcast","link":"https:\/\/radio-aviva.com\/perpignan\/podcast\/equilibre66-julie-serra-directrice\/","title":{"rendered":"EQUILIBRE66 &#8211; JULIE SERRA, DIRECTRICE"},"content":{"rendered":"<p>\u00c9quilibre66 est une association qui propose un programme d&rsquo;aide et de soutien \u00e0 deux publics cibl\u00e9s : les seniors et les femmes atteintes du cancer. Julie Serra, directrice, vient nous pr\u00e9senter leur fonctionnement et les actions qu&rsquo;ils mettent en place. En l&rsquo;approche d&rsquo;Octobre Rose, un programme sp\u00e9cial en cet honneur est \u00e9galement \u00e9labor\u00e9.<\/p>\n","protected":false},"author":337,"featured_media":7980,"template":"","tags":[],"podcastfilter":[190,261,263,119,262,259,149,148],"class_list":["post-7977","podcast","type-podcast","status-publish","has-post-thumbnail","hentry","podcastfilter-association","podcastfilter-femmes","podcastfilter-octobre-rose","podcastfilter-sante","podcastfilter-seniors","podcastfilter-social","podcastfilter-solidarite","podcastfilter-voix-des-assos"],"_links":{"self":[{"href":"https:\/\/radio-aviva.com\/perpignan\/wp-json\/wp\/v2\/podcast\/7977","targetHints":{"allow":["GET"]}}],"collection":[{"href":"https:\/\/radio-aviva.com\/perpignan\/wp-json\/wp\/v2\/podcast"}],"about":[{"href":"https:\/\/radio-aviva.com\/perpignan\/wp-json\/wp\/v2\/types\/podcast"}],"author":[{"embeddable":true,"href":"https:\/\/radio-aviva.com\/perpignan\/wp-json\/wp\/v2\/users\/337"}],"version-history":[{"count":0,"href":"https:\/\/radio-aviva.com\/perpignan\/wp-json\/wp\/v2\/podcast\/7977\/revisions"}],"wp:featuredmedia":[{"embeddable":true,"href":"https:\/\/radio-aviva.com\/perpignan\/wp-json\/wp\/v2\/media\/7980"}],"wp:attachment":[{"href":"https:\/\/radio-aviva.com\/perpignan\/wp-json\/wp\/v2\/media?parent=7977"}],"wp:term":[{"taxonomy":"post_tag","embeddable":true,"href":"https:\/\/radio-aviva.com\/perpignan\/wp-json\/wp\/v2\/tags?post=7977"},{"taxonomy":"podcastfilter","embeddable":true,"href":"https:\/\/radio-aviva.com\/perpignan\/wp-json\/wp\/v2\/podcastfilter?post=7977"}],"curies":[{"name":"wp","href":"https:\/\/api.w.org\/{rel}","templated":true}]}}

<p>Équilibre66 est une association qui propose un programme d&rsquo;aide et de soutien à deux publics ciblés : les seniors et les femmes atteintes du cancer. Julie Serra, directrice, vient nous présenter leur fonctionnement et les actions qu&rsquo;ils mettent en place. En l&rsquo;approche d&rsquo;Octobre Rose, un programme spécial en cet honneur est également élaboré.</p>
