{"id":7983,"date":"2023-10-23T09:45:40","date_gmt":"2023-10-23T07:45:40","guid":{"rendered":"https:\/\/radio-aviva.com\/perpignan\/?post_type=podcast&#038;p=7983"},"modified":"2023-10-20T12:23:53","modified_gmt":"2023-10-20T10:23:53","slug":"sep66-julie-bonhomme-presidente","status":"publish","type":"podcast","link":"https:\/\/radio-aviva.com\/perpignan\/podcast\/sep66-julie-bonhomme-presidente\/","title":{"rendered":"SEP66 &#8211; JULIE BONHOMME, PRESIDENTE"},"content":{"rendered":"<p>L&rsquo;association SEP66 organise des rencontres, sorties, manifestations diverses destin\u00e9es aux personnes atteintes de scl\u00e9rose en plaques et \u00e0 leurs proches. Le but de cette association est d&rsquo;informer et mettre en place des partenariats ou des \u00e9changes avec des personnes visant \u00e0 am\u00e9liorer le v\u00e9cu de la maladie.<\/p>\n","protected":false},"author":337,"featured_media":7984,"template":"","tags":[],"podcastfilter":[190,264,119],"class_list":["post-7983","podcast","type-podcast","status-publish","has-post-thumbnail","hentry","podcastfilter-association","podcastfilter-prevention","podcastfilter-sante"],"_links":{"self":[{"href":"https:\/\/radio-aviva.com\/perpignan\/wp-json\/wp\/v2\/podcast\/7983","targetHints":{"allow":["GET"]}}],"collection":[{"href":"https:\/\/radio-aviva.com\/perpignan\/wp-json\/wp\/v2\/podcast"}],"about":[{"href":"https:\/\/radio-aviva.com\/perpignan\/wp-json\/wp\/v2\/types\/podcast"}],"author":[{"embeddable":true,"href":"https:\/\/radio-aviva.com\/perpignan\/wp-json\/wp\/v2\/users\/337"}],"version-history":[{"count":0,"href":"https:\/\/radio-aviva.com\/perpignan\/wp-json\/wp\/v2\/podcast\/7983\/revisions"}],"wp:featuredmedia":[{"embeddable":true,"href":"https:\/\/radio-aviva.com\/perpignan\/wp-json\/wp\/v2\/media\/7984"}],"wp:attachment":[{"href":"https:\/\/radio-aviva.com\/perpignan\/wp-json\/wp\/v2\/media?parent=7983"}],"wp:term":[{"taxonomy":"post_tag","embeddable":true,"href":"https:\/\/radio-aviva.com\/perpignan\/wp-json\/wp\/v2\/tags?post=7983"},{"taxonomy":"podcastfilter","embeddable":true,"href":"https:\/\/radio-aviva.com\/perpignan\/wp-json\/wp\/v2\/podcastfilter?post=7983"}],"curies":[{"name":"wp","href":"https:\/\/api.w.org\/{rel}","templated":true}]}}

<p>L&rsquo;association SEP66 organise des rencontres, sorties, manifestations diverses destinées aux personnes atteintes de sclérose en plaques et à leurs proches. Le but de cette association est d&rsquo;informer et mettre en place des partenariats ou des échanges avec des personnes visant à améliorer le vécu de la maladie.</p>
