{"id":7989,"date":"2023-10-23T14:46:22","date_gmt":"2023-10-23T12:46:22","guid":{"rendered":"https:\/\/radio-aviva.com\/perpignan\/podcast\/liberte-partagees-exposition-photo-pour-le-40eme-anniversaire-de-la-mutuelle-des-motards-patrick-jacquot-president\/"},"modified":"2023-10-25T10:55:46","modified_gmt":"2023-10-25T08:55:46","slug":"liberte-partagee-exposition-photo-pour-le-40eme-anniversaire-de-la-mutuelle-des-motards-patrick-jacquot-president","status":"publish","type":"podcast","link":"https:\/\/radio-aviva.com\/perpignan\/podcast\/liberte-partagee-exposition-photo-pour-le-40eme-anniversaire-de-la-mutuelle-des-motards-patrick-jacquot-president\/","title":{"rendered":"\u00ab\u00a0LIBERT\u00c9 PARTAG\u00c9E\u00a0\u00bb &#8211; EXPOSITION PHOTO POUR LE 40\u00c8ME ANNIVERSAIRE DE LA MUTUELLE DES MOTARDS &#8211; PATRICK JACQUOT, PR\u00c9SIDENT"},"content":{"rendered":"<p>&nbsp;<\/p>\n<p>Ce jeudi 5 Octobre, Radio Aviva est au vernissage de l&rsquo;exposition sur le th\u00e8me \u00ab\u00a0Libert\u00e9 Partag\u00e9e\u00a0\u00bb, issue d&rsquo;un concours photo organis\u00e9 par la Mutuelle des Motards pour leur 40\u00e8me anniversaire, avec l&rsquo;aide des Boutographies. Elle r\u00e9unit des clich\u00e9s professionnels, et amateurs et trois prix sont d\u00e9cern\u00e9s au cours de cette soir\u00e9e.\u00a0 Elle est disponible \u00e0 l&rsquo;H\u00f4tel Saint-C\u00f4me, \u00e0 Montpellier, du 6 au 21 octobre 2023. \u00c0 cette occasion, c&rsquo;est Mr Patrick JACQUOT, Pr\u00e9sident et directeur g\u00e9n\u00e9ral de la Mutuelle des Motards qui nous pr\u00e9sente ce concept, ainsi que ses projets d&rsquo;avenir pour son entreprise.<\/p>\n","protected":false},"author":1,"featured_media":7990,"template":"","tags":[],"podcastfilter":[265,134,175,87,253],"class_list":["post-7989","podcast","type-podcast","status-publish","has-post-thumbnail","hentry","podcastfilter-concours","podcastfilter-exposition","podcastfilter-invite-de-la-redaction","podcastfilter-montpellier","podcastfilter-photographie"],"_links":{"self":[{"href":"https:\/\/radio-aviva.com\/perpignan\/wp-json\/wp\/v2\/podcast\/7989","targetHints":{"allow":["GET"]}}],"collection":[{"href":"https:\/\/radio-aviva.com\/perpignan\/wp-json\/wp\/v2\/podcast"}],"about":[{"href":"https:\/\/radio-aviva.com\/perpignan\/wp-json\/wp\/v2\/types\/podcast"}],"author":[{"embeddable":true,"href":"https:\/\/radio-aviva.com\/perpignan\/wp-json\/wp\/v2\/users\/1"}],"version-history":[{"count":0,"href":"https:\/\/radio-aviva.com\/perpignan\/wp-json\/wp\/v2\/podcast\/7989\/revisions"}],"wp:featuredmedia":[{"embeddable":true,"href":"https:\/\/radio-aviva.com\/perpignan\/wp-json\/wp\/v2\/media\/7990"}],"wp:attachment":[{"href":"https:\/\/radio-aviva.com\/perpignan\/wp-json\/wp\/v2\/media?parent=7989"}],"wp:term":[{"taxonomy":"post_tag","embeddable":true,"href":"https:\/\/radio-aviva.com\/perpignan\/wp-json\/wp\/v2\/tags?post=7989"},{"taxonomy":"podcastfilter","embeddable":true,"href":"https:\/\/radio-aviva.com\/perpignan\/wp-json\/wp\/v2\/podcastfilter?post=7989"}],"curies":[{"name":"wp","href":"https:\/\/api.w.org\/{rel}","templated":true}]}}

« LIBERTÉ PARTAGÉE » &#8211; EXPOSITION PHOTO POUR LE 40ÈME ANNIVERSAIRE DE LA MUTUELLE DES MOTARDS &#8211; PATRICK JACQUOT, PRÉSIDENT

<p>&nbsp;</p>
<p>Ce jeudi 5 Octobre, Radio Aviva est au vernissage de l&rsquo;exposition sur le thème « Liberté Partagée », issue d&rsquo;un concours photo organisé par la Mutuelle des Motards pour leur 40ème anniversaire, avec l&rsquo;aide des Boutographies. Elle réunit des clichés professionnels, et amateurs et trois prix sont décernés au cours de cette soirée.  Elle est disponible à l&rsquo;Hôtel Saint-Côme, à Montpellier, du 6 au 21 octobre 2023. À cette occasion, c&rsquo;est Mr Patrick JACQUOT, Président et directeur général de la Mutuelle des Motards qui nous présente ce concept, ainsi que ses projets d&rsquo;avenir pour son entreprise.</p>
