{"id":7992,"date":"2023-10-23T15:05:40","date_gmt":"2023-10-23T13:05:40","guid":{"rendered":"https:\/\/radio-aviva.com\/perpignan\/?post_type=podcast&#038;p=7992"},"modified":"2023-10-30T10:46:12","modified_gmt":"2023-10-30T09:46:12","slug":"ceremonie-dhommage-a-samuel-paty-et-dominique-bernard-sophie-bejean-rectrice-accademie-occitanie-221023","status":"publish","type":"podcast","link":"https:\/\/radio-aviva.com\/perpignan\/podcast\/ceremonie-dhommage-a-samuel-paty-et-dominique-bernard-sophie-bejean-rectrice-accademie-occitanie-221023\/","title":{"rendered":"C\u00c9R\u00c9MONIE D&rsquo;HOMMAGE A SAMUEL PATY ET DOMINIQUE BERNARD &#8211; SOPHIE BEJEAN, RECTRICE ACADEMIE OCCITANIE"},"content":{"rendered":"<p>&nbsp;<\/p>\n<p>\u00c0 la demande\u00a0de <strong>Sophie B\u00e9jean<\/strong>, Rectrice de la r\u00e9gion acad\u00e9mique d\u2019Occitanie : \u00e9lus, autorit\u00e9s civiles, militaires et religieuses, ont entour\u00e9 la communaut\u00e9 enseignante, pour rendre hommage \u00e0<strong> Samuel Paty<\/strong> et <strong>Dominique Bernard<\/strong>, deux professeurs qui ont enseign\u00e9 au p\u00e9ril de leurs vies.<\/p>\n<p>Les prises de paroles qui se sont succ\u00e9d\u00e9es, ont r\u00e9affirm\u00e9 l&rsquo;unit\u00e9 de tous autour des valeurs de la r\u00e9publique.\u00a0\u00a0<strong>Radio Aviva<\/strong> invit\u00e9e \u00e0 cet hommage vous propose dans cette \u00e9mission l\u2019interview de la Rectrice Sophie B\u00e9jean, enregistr\u00e9e le 20 octobre 2023 au micro de <strong>Liliane Dray<\/strong>, au rectorat de Montpellier.<\/p>\n","protected":false},"author":1,"featured_media":7993,"template":"","tags":[],"podcastfilter":[],"class_list":["post-7992","podcast","type-podcast","status-publish","has-post-thumbnail","hentry"],"_links":{"self":[{"href":"https:\/\/radio-aviva.com\/perpignan\/wp-json\/wp\/v2\/podcast\/7992","targetHints":{"allow":["GET"]}}],"collection":[{"href":"https:\/\/radio-aviva.com\/perpignan\/wp-json\/wp\/v2\/podcast"}],"about":[{"href":"https:\/\/radio-aviva.com\/perpignan\/wp-json\/wp\/v2\/types\/podcast"}],"author":[{"embeddable":true,"href":"https:\/\/radio-aviva.com\/perpignan\/wp-json\/wp\/v2\/users\/1"}],"version-history":[{"count":0,"href":"https:\/\/radio-aviva.com\/perpignan\/wp-json\/wp\/v2\/podcast\/7992\/revisions"}],"wp:featuredmedia":[{"embeddable":true,"href":"https:\/\/radio-aviva.com\/perpignan\/wp-json\/wp\/v2\/media\/7993"}],"wp:attachment":[{"href":"https:\/\/radio-aviva.com\/perpignan\/wp-json\/wp\/v2\/media?parent=7992"}],"wp:term":[{"taxonomy":"post_tag","embeddable":true,"href":"https:\/\/radio-aviva.com\/perpignan\/wp-json\/wp\/v2\/tags?post=7992"},{"taxonomy":"podcastfilter","embeddable":true,"href":"https:\/\/radio-aviva.com\/perpignan\/wp-json\/wp\/v2\/podcastfilter?post=7992"}],"curies":[{"name":"wp","href":"https:\/\/api.w.org\/{rel}","templated":true}]}}

CÉRÉMONIE D&rsquo;HOMMAGE A SAMUEL PATY ET DOMINIQUE BERNARD &#8211; SOPHIE BEJEAN, RECTRICE ACADEMIE OCCITANIE

<p>&nbsp;</p>
<p>À la demande de <strong>Sophie Béjean</strong>, Rectrice de la région académique d’Occitanie : élus, autorités civiles, militaires et religieuses, ont entouré la communauté enseignante, pour rendre hommage à<strong> Samuel Paty</strong> et <strong>Dominique Bernard</strong>, deux professeurs qui ont enseigné au péril de leurs vies.</p>
<p>Les prises de paroles qui se sont succédées, ont réaffirmé l&rsquo;unité de tous autour des valeurs de la république.  <strong>Radio Aviva</strong> invitée à cet hommage vous propose dans cette émission l’interview de la Rectrice Sophie Béjean, enregistrée le 20 octobre 2023 au micro de <strong>Liliane Dray</strong>, au rectorat de Montpellier.</p>
