{"id":8006,"date":"2023-10-25T12:00:28","date_gmt":"2023-10-25T10:00:28","guid":{"rendered":"https:\/\/radio-aviva.com\/perpignan\/?post_type=podcast&#038;p=8006"},"modified":"2023-10-30T10:45:06","modified_gmt":"2023-10-30T09:45:06","slug":"raid-feminin-laponie-trophy-madlyne-pala-infirmiere-et-athlete","status":"publish","type":"podcast","link":"https:\/\/radio-aviva.com\/perpignan\/podcast\/raid-feminin-laponie-trophy-madlyne-pala-infirmiere-et-athlete\/","title":{"rendered":"RAID FEMININ LAPONIE TROPHY &#8211; MADLYNE PALA, INFIRMIERE ET ATHLETE"},"content":{"rendered":"<p>Madlyne Pala, infirmi\u00e8re de Latour-Bas-Elne, se lance dans l&rsquo;aventure du Raid F\u00e9minin Trophy en Laponie. Ce raid solidaire, se d\u00e9roulera du 18 au 22 janvier, dans des conditions plus qu&rsquo;extr\u00eames.<\/p>\n","protected":false},"author":337,"featured_media":8007,"template":"","tags":[],"podcastfilter":[166,175,259,149],"class_list":["post-8006","podcast","type-podcast","status-publish","has-post-thumbnail","hentry","podcastfilter-femme","podcastfilter-invite-de-la-redaction","podcastfilter-social","podcastfilter-solidarite"],"_links":{"self":[{"href":"https:\/\/radio-aviva.com\/perpignan\/wp-json\/wp\/v2\/podcast\/8006","targetHints":{"allow":["GET"]}}],"collection":[{"href":"https:\/\/radio-aviva.com\/perpignan\/wp-json\/wp\/v2\/podcast"}],"about":[{"href":"https:\/\/radio-aviva.com\/perpignan\/wp-json\/wp\/v2\/types\/podcast"}],"author":[{"embeddable":true,"href":"https:\/\/radio-aviva.com\/perpignan\/wp-json\/wp\/v2\/users\/337"}],"version-history":[{"count":0,"href":"https:\/\/radio-aviva.com\/perpignan\/wp-json\/wp\/v2\/podcast\/8006\/revisions"}],"wp:featuredmedia":[{"embeddable":true,"href":"https:\/\/radio-aviva.com\/perpignan\/wp-json\/wp\/v2\/media\/8007"}],"wp:attachment":[{"href":"https:\/\/radio-aviva.com\/perpignan\/wp-json\/wp\/v2\/media?parent=8006"}],"wp:term":[{"taxonomy":"post_tag","embeddable":true,"href":"https:\/\/radio-aviva.com\/perpignan\/wp-json\/wp\/v2\/tags?post=8006"},{"taxonomy":"podcastfilter","embeddable":true,"href":"https:\/\/radio-aviva.com\/perpignan\/wp-json\/wp\/v2\/podcastfilter?post=8006"}],"curies":[{"name":"wp","href":"https:\/\/api.w.org\/{rel}","templated":true}]}}

<p>Madlyne Pala, infirmière de Latour-Bas-Elne, se lance dans l&rsquo;aventure du Raid Féminin Trophy en Laponie. Ce raid solidaire, se déroulera du 18 au 22 janvier, dans des conditions plus qu&rsquo;extrêmes.</p>
