{"id":8012,"date":"2023-10-26T13:45:48","date_gmt":"2023-10-26T11:45:48","guid":{"rendered":"https:\/\/radio-aviva.com\/perpignan\/?post_type=podcast&#038;p=8012"},"modified":"2023-10-24T16:15:14","modified_gmt":"2023-10-24T14:15:14","slug":"programmation-vacance-dautomne-au-musee-de-tautavel-david-angelats-responsable-communication","status":"publish","type":"podcast","link":"https:\/\/radio-aviva.com\/perpignan\/podcast\/programmation-vacance-dautomne-au-musee-de-tautavel-david-angelats-responsable-communication\/","title":{"rendered":"PROGRAMMATION VACANCE D&rsquo;AUTOMNE AU MUSEE  DE TAUTAVEL &#8211; DAVID ANGELATS, RESPONSABLE COMMUNICATION"},"content":{"rendered":"<p>Le mus\u00e9e de Tautavel propose pour les vacances d&rsquo;automne une programmation pour petits et grands \u00e0 ne manquer. Conf\u00e9rences, ateliers, un large choix d&rsquo;animations pour apprendre tout en s&rsquo;amusant.<\/p>\n","protected":false},"author":337,"featured_media":8013,"template":"","tags":[],"podcastfilter":[170,219,171,208,165,126],"class_list":["post-8012","podcast","type-podcast","status-publish","has-post-thumbnail","hentry","podcastfilter-actions-culturelles","podcastfilter-apprentissage","podcastfilter-ateliers","podcastfilter-conference","podcastfilter-culture-compagnie","podcastfilter-education"],"_links":{"self":[{"href":"https:\/\/radio-aviva.com\/perpignan\/wp-json\/wp\/v2\/podcast\/8012","targetHints":{"allow":["GET"]}}],"collection":[{"href":"https:\/\/radio-aviva.com\/perpignan\/wp-json\/wp\/v2\/podcast"}],"about":[{"href":"https:\/\/radio-aviva.com\/perpignan\/wp-json\/wp\/v2\/types\/podcast"}],"author":[{"embeddable":true,"href":"https:\/\/radio-aviva.com\/perpignan\/wp-json\/wp\/v2\/users\/337"}],"version-history":[{"count":0,"href":"https:\/\/radio-aviva.com\/perpignan\/wp-json\/wp\/v2\/podcast\/8012\/revisions"}],"wp:featuredmedia":[{"embeddable":true,"href":"https:\/\/radio-aviva.com\/perpignan\/wp-json\/wp\/v2\/media\/8013"}],"wp:attachment":[{"href":"https:\/\/radio-aviva.com\/perpignan\/wp-json\/wp\/v2\/media?parent=8012"}],"wp:term":[{"taxonomy":"post_tag","embeddable":true,"href":"https:\/\/radio-aviva.com\/perpignan\/wp-json\/wp\/v2\/tags?post=8012"},{"taxonomy":"podcastfilter","embeddable":true,"href":"https:\/\/radio-aviva.com\/perpignan\/wp-json\/wp\/v2\/podcastfilter?post=8012"}],"curies":[{"name":"wp","href":"https:\/\/api.w.org\/{rel}","templated":true}]}}

<p>Le musée de Tautavel propose pour les vacances d&rsquo;automne une programmation pour petits et grands à ne manquer. Conférences, ateliers, un large choix d&rsquo;animations pour apprendre tout en s&rsquo;amusant.</p>
