{"id":8070,"date":"2023-11-01T10:00:26","date_gmt":"2023-11-01T09:00:26","guid":{"rendered":"https:\/\/radio-aviva.com\/perpignan\/?post_type=podcast&#038;p=8070"},"modified":"2023-10-30T11:45:57","modified_gmt":"2023-10-30T10:45:57","slug":"programmation-el-mediator-j-bieules-resp-programation","status":"publish","type":"podcast","link":"https:\/\/radio-aviva.com\/perpignan\/podcast\/programmation-el-mediator-j-bieules-resp-programation\/","title":{"rendered":"PROGRAMMATION EL MEDIATOR &#8211; J BIEULES, RESPONSABLE DE LA  PROGRAMATION"},"content":{"rendered":"<p>Le M\u00e9diator est la plus grosse salle de concert du d\u00e9partement. Chaque ann\u00e9e, une programmation musicale haute en couleur, sous la perspective de la diversit\u00e9 est propos\u00e9e. Julien Bieules, responsable de la programmation, vient nous pr\u00e9senter la saison 2023 et la nouveaut\u00e9 solidaire des \u00ab\u00a0jeudis du miam\u00a0\u00bb.<\/p>\n","protected":false},"author":337,"featured_media":8072,"template":"","tags":[],"podcastfilter":[168,209,88,140],"class_list":["post-8070","podcast","type-podcast","status-publish","has-post-thumbnail","hentry","podcastfilter-artiste","podcastfilter-concert","podcastfilter-musique","podcastfilter-programmation-culturelle"],"_links":{"self":[{"href":"https:\/\/radio-aviva.com\/perpignan\/wp-json\/wp\/v2\/podcast\/8070","targetHints":{"allow":["GET"]}}],"collection":[{"href":"https:\/\/radio-aviva.com\/perpignan\/wp-json\/wp\/v2\/podcast"}],"about":[{"href":"https:\/\/radio-aviva.com\/perpignan\/wp-json\/wp\/v2\/types\/podcast"}],"author":[{"embeddable":true,"href":"https:\/\/radio-aviva.com\/perpignan\/wp-json\/wp\/v2\/users\/337"}],"version-history":[{"count":0,"href":"https:\/\/radio-aviva.com\/perpignan\/wp-json\/wp\/v2\/podcast\/8070\/revisions"}],"wp:featuredmedia":[{"embeddable":true,"href":"https:\/\/radio-aviva.com\/perpignan\/wp-json\/wp\/v2\/media\/8072"}],"wp:attachment":[{"href":"https:\/\/radio-aviva.com\/perpignan\/wp-json\/wp\/v2\/media?parent=8070"}],"wp:term":[{"taxonomy":"post_tag","embeddable":true,"href":"https:\/\/radio-aviva.com\/perpignan\/wp-json\/wp\/v2\/tags?post=8070"},{"taxonomy":"podcastfilter","embeddable":true,"href":"https:\/\/radio-aviva.com\/perpignan\/wp-json\/wp\/v2\/podcastfilter?post=8070"}],"curies":[{"name":"wp","href":"https:\/\/api.w.org\/{rel}","templated":true}]}}

<p>Le Médiator est la plus grosse salle de concert du département. Chaque année, une programmation musicale haute en couleur, sous la perspective de la diversité est proposée. Julien Bieules, responsable de la programmation, vient nous présenter la saison 2023 et la nouveauté solidaire des « jeudis du miam ».</p>
