{"id":8100,"date":"2023-11-07T12:00:01","date_gmt":"2023-11-07T11:00:01","guid":{"rendered":"https:\/\/radio-aviva.com\/perpignan\/?post_type=podcast&#038;p=8100"},"modified":"2023-11-07T12:46:09","modified_gmt":"2023-11-07T11:46:09","slug":"cloches-anglicanes-de-vernet-les-bains-michael-strutt-sonneur","status":"publish","type":"podcast","link":"https:\/\/radio-aviva.com\/perpignan\/podcast\/cloches-anglicanes-de-vernet-les-bains-michael-strutt-sonneur\/","title":{"rendered":"CLOCHES ANGLICANES DE VERNET-LES-BAINS &#8211; MICHAEL STRUTT, SONNEUR"},"content":{"rendered":"<p>Le village de Vernet-les-bains accueille de nombreuses merveilles. Parmi elles, les cloches de l&rsquo;\u00e9glise Anglicane qui sont uniques en France. Micheal Strutt, sonneur de cloche et pr\u00e9sident de Bellicampane, vient nous pr\u00e9senter la sp\u00e9cificit\u00e9 de ce lieu et leur discipline ancestrale.<\/p>\n","protected":false},"author":337,"featured_media":8101,"template":"","tags":[],"podcastfilter":[157,86,144,234,133,88,151],"class_list":["post-8100","podcast","type-podcast","status-publish","has-post-thumbnail","hentry","podcastfilter-architecture","podcastfilter-art","podcastfilter-histoire","podcastfilter-interculturel","podcastfilter-memoire","podcastfilter-musique","podcastfilter-patrimoine"],"_links":{"self":[{"href":"https:\/\/radio-aviva.com\/perpignan\/wp-json\/wp\/v2\/podcast\/8100","targetHints":{"allow":["GET"]}}],"collection":[{"href":"https:\/\/radio-aviva.com\/perpignan\/wp-json\/wp\/v2\/podcast"}],"about":[{"href":"https:\/\/radio-aviva.com\/perpignan\/wp-json\/wp\/v2\/types\/podcast"}],"author":[{"embeddable":true,"href":"https:\/\/radio-aviva.com\/perpignan\/wp-json\/wp\/v2\/users\/337"}],"version-history":[{"count":0,"href":"https:\/\/radio-aviva.com\/perpignan\/wp-json\/wp\/v2\/podcast\/8100\/revisions"}],"wp:featuredmedia":[{"embeddable":true,"href":"https:\/\/radio-aviva.com\/perpignan\/wp-json\/wp\/v2\/media\/8101"}],"wp:attachment":[{"href":"https:\/\/radio-aviva.com\/perpignan\/wp-json\/wp\/v2\/media?parent=8100"}],"wp:term":[{"taxonomy":"post_tag","embeddable":true,"href":"https:\/\/radio-aviva.com\/perpignan\/wp-json\/wp\/v2\/tags?post=8100"},{"taxonomy":"podcastfilter","embeddable":true,"href":"https:\/\/radio-aviva.com\/perpignan\/wp-json\/wp\/v2\/podcastfilter?post=8100"}],"curies":[{"name":"wp","href":"https:\/\/api.w.org\/{rel}","templated":true}]}}

<p>Le village de Vernet-les-bains accueille de nombreuses merveilles. Parmi elles, les cloches de l&rsquo;église Anglicane qui sont uniques en France. Micheal Strutt, sonneur de cloche et président de Bellicampane, vient nous présenter la spécificité de ce lieu et leur discipline ancestrale.</p>
