{"id":8105,"date":"2023-11-03T11:35:22","date_gmt":"2023-11-03T10:35:22","guid":{"rendered":"https:\/\/radio-aviva.com\/perpignan\/podcast\/mondiale-voile-francois-verdier-entraineur-occitanie\/"},"modified":"2023-11-03T11:35:22","modified_gmt":"2023-11-03T10:35:22","slug":"mondiale-voile-francois-verdier-entraineur-occitanie","status":"publish","type":"podcast","link":"https:\/\/radio-aviva.com\/perpignan\/podcast\/mondiale-voile-francois-verdier-entraineur-occitanie\/","title":{"rendered":"MONDIALE VOILE &#8211; FRANCOIS VERDIER, ENTRAINEUR OCCITANIE"},"content":{"rendered":"<p>Ce vendredi mardi 7 novembre, l&rsquo;invite sportif est Francois VERDIER, entraineur de l&rsquo;\u00e9quipe d&rsquo;Occitanie de voile qui vient nous parler de l&rsquo;actualit\u00e9 des mondiaux qui auront lieux a Sydney en Australie qui se termineront le 15 d\u00e9cembre.<\/p>\n","protected":false},"author":1,"featured_media":0,"template":"","tags":[],"podcastfilter":[187,87,108,109,188],"class_list":["post-8105","podcast","type-podcast","status-publish","hentry","podcastfilter-linvite-sportif","podcastfilter-montpellier","podcastfilter-nimes","podcastfilter-perpignan","podcastfilter-sport"],"_links":{"self":[{"href":"https:\/\/radio-aviva.com\/perpignan\/wp-json\/wp\/v2\/podcast\/8105","targetHints":{"allow":["GET"]}}],"collection":[{"href":"https:\/\/radio-aviva.com\/perpignan\/wp-json\/wp\/v2\/podcast"}],"about":[{"href":"https:\/\/radio-aviva.com\/perpignan\/wp-json\/wp\/v2\/types\/podcast"}],"author":[{"embeddable":true,"href":"https:\/\/radio-aviva.com\/perpignan\/wp-json\/wp\/v2\/users\/1"}],"version-history":[{"count":0,"href":"https:\/\/radio-aviva.com\/perpignan\/wp-json\/wp\/v2\/podcast\/8105\/revisions"}],"wp:attachment":[{"href":"https:\/\/radio-aviva.com\/perpignan\/wp-json\/wp\/v2\/media?parent=8105"}],"wp:term":[{"taxonomy":"post_tag","embeddable":true,"href":"https:\/\/radio-aviva.com\/perpignan\/wp-json\/wp\/v2\/tags?post=8105"},{"taxonomy":"podcastfilter","embeddable":true,"href":"https:\/\/radio-aviva.com\/perpignan\/wp-json\/wp\/v2\/podcastfilter?post=8105"}],"curies":[{"name":"wp","href":"https:\/\/api.w.org\/{rel}","templated":true}]}}

<p>Ce vendredi mardi 7 novembre, l&rsquo;invite sportif est Francois VERDIER, entraineur de l&rsquo;équipe d&rsquo;Occitanie de voile qui vient nous parler de l&rsquo;actualité des mondiaux qui auront lieux a Sydney en Australie qui se termineront le 15 décembre.</p>
