{"id":8137,"date":"2023-11-14T12:00:50","date_gmt":"2023-11-14T11:00:50","guid":{"rendered":"https:\/\/radio-aviva.com\/perpignan\/?post_type=podcast&#038;p=8137"},"modified":"2023-11-10T12:04:47","modified_gmt":"2023-11-10T11:04:47","slug":"forum-emploi-saisonnier-hiver-vincent-conseiller-pole-emploi-p-o","status":"publish","type":"podcast","link":"https:\/\/radio-aviva.com\/perpignan\/podcast\/forum-emploi-saisonnier-hiver-vincent-conseiller-pole-emploi-p-o\/","title":{"rendered":"FORUM EMPLOI SAISONNIER HIVER &#8211; VINCENT, CONSEILLER POLE EMPLOI P-O"},"content":{"rendered":"<p>Le forum de l&#8217;emploi saisonnier hivernale \u00e0 Font-Romeu, pr\u00e9sent\u00e9 par Vincent.<\/p>\n","protected":false},"author":337,"featured_media":0,"template":"","tags":[],"podcastfilter":[164,181,210],"class_list":["post-8137","podcast","type-podcast","status-publish","hentry","podcastfilter-economie","podcastfilter-emploi","podcastfilter-travail"],"_links":{"self":[{"href":"https:\/\/radio-aviva.com\/perpignan\/wp-json\/wp\/v2\/podcast\/8137","targetHints":{"allow":["GET"]}}],"collection":[{"href":"https:\/\/radio-aviva.com\/perpignan\/wp-json\/wp\/v2\/podcast"}],"about":[{"href":"https:\/\/radio-aviva.com\/perpignan\/wp-json\/wp\/v2\/types\/podcast"}],"author":[{"embeddable":true,"href":"https:\/\/radio-aviva.com\/perpignan\/wp-json\/wp\/v2\/users\/337"}],"version-history":[{"count":0,"href":"https:\/\/radio-aviva.com\/perpignan\/wp-json\/wp\/v2\/podcast\/8137\/revisions"}],"wp:attachment":[{"href":"https:\/\/radio-aviva.com\/perpignan\/wp-json\/wp\/v2\/media?parent=8137"}],"wp:term":[{"taxonomy":"post_tag","embeddable":true,"href":"https:\/\/radio-aviva.com\/perpignan\/wp-json\/wp\/v2\/tags?post=8137"},{"taxonomy":"podcastfilter","embeddable":true,"href":"https:\/\/radio-aviva.com\/perpignan\/wp-json\/wp\/v2\/podcastfilter?post=8137"}],"curies":[{"name":"wp","href":"https:\/\/api.w.org\/{rel}","templated":true}]}}

<p>Le forum de l&#8217;emploi saisonnier hivernale à Font-Romeu, présenté par Vincent.</p>
