{"id":8185,"date":"2023-11-15T10:00:46","date_gmt":"2023-11-15T09:00:46","guid":{"rendered":"https:\/\/radio-aviva.com\/perpignan\/?post_type=podcast&#038;p=8185"},"modified":"2023-11-17T10:28:09","modified_gmt":"2023-11-17T09:28:09","slug":"sourire-equin-hugo-bidault-president-2","status":"publish","type":"podcast","link":"https:\/\/radio-aviva.com\/perpignan\/podcast\/sourire-equin-hugo-bidault-president-2\/","title":{"rendered":"SOURIRE EQUIN &#8211; HUGO BIDAULT, PRESIDENT"},"content":{"rendered":"<p>\u00c0 seulement 18 ans, Hugo Bidault est \u00e0 la t\u00eate de l&rsquo;association \u00ab\u00a0Un sourire \u00e9quin\u00a0\u00bb \u00e0 Perpignan. Son but, r\u00e9colter des denr\u00e9es alimentaires et les distribuer aux animaux qui en ont besoin.<\/p>\n","protected":false},"author":337,"featured_media":8186,"template":"","tags":[],"podcastfilter":[190,252,109,259,223,149],"class_list":["post-8185","podcast","type-podcast","status-publish","has-post-thumbnail","hentry","podcastfilter-association","podcastfilter-humanitaire","podcastfilter-perpignan","podcastfilter-social","podcastfilter-solidaire","podcastfilter-solidarite"],"_links":{"self":[{"href":"https:\/\/radio-aviva.com\/perpignan\/wp-json\/wp\/v2\/podcast\/8185","targetHints":{"allow":["GET"]}}],"collection":[{"href":"https:\/\/radio-aviva.com\/perpignan\/wp-json\/wp\/v2\/podcast"}],"about":[{"href":"https:\/\/radio-aviva.com\/perpignan\/wp-json\/wp\/v2\/types\/podcast"}],"author":[{"embeddable":true,"href":"https:\/\/radio-aviva.com\/perpignan\/wp-json\/wp\/v2\/users\/337"}],"version-history":[{"count":0,"href":"https:\/\/radio-aviva.com\/perpignan\/wp-json\/wp\/v2\/podcast\/8185\/revisions"}],"wp:featuredmedia":[{"embeddable":true,"href":"https:\/\/radio-aviva.com\/perpignan\/wp-json\/wp\/v2\/media\/8186"}],"wp:attachment":[{"href":"https:\/\/radio-aviva.com\/perpignan\/wp-json\/wp\/v2\/media?parent=8185"}],"wp:term":[{"taxonomy":"post_tag","embeddable":true,"href":"https:\/\/radio-aviva.com\/perpignan\/wp-json\/wp\/v2\/tags?post=8185"},{"taxonomy":"podcastfilter","embeddable":true,"href":"https:\/\/radio-aviva.com\/perpignan\/wp-json\/wp\/v2\/podcastfilter?post=8185"}],"curies":[{"name":"wp","href":"https:\/\/api.w.org\/{rel}","templated":true}]}}

<p>À seulement 18 ans, Hugo Bidault est à la tête de l&rsquo;association « Un sourire équin » à Perpignan. Son but, récolter des denrées alimentaires et les distribuer aux animaux qui en ont besoin.</p>
