{"id":8211,"date":"2023-11-21T12:00:47","date_gmt":"2023-11-21T11:00:47","guid":{"rendered":"https:\/\/radio-aviva.com\/perpignan\/?post_type=podcast&#038;p=8211"},"modified":"2023-11-21T12:49:39","modified_gmt":"2023-11-21T11:49:39","slug":"la-recyclerie-delne-roger-carrere-president","status":"publish","type":"podcast","link":"https:\/\/radio-aviva.com\/perpignan\/podcast\/la-recyclerie-delne-roger-carrere-president\/","title":{"rendered":"LA RECYCLERIE D&rsquo;ELNE &#8211; ROGER CARRERE, PRESIDENT"},"content":{"rendered":"<p>Le pr\u00e9sident de la recyclerie d&rsquo;Elne, Roger Carrere, vient nous pr\u00e9senter leurs actions en faveur des publics d\u00e9favoris\u00e9s et sans emploi avec comme support le recyclage d&rsquo;objets .<\/p>\n","protected":false},"author":337,"featured_media":8212,"template":"","tags":[],"podcastfilter":[219,142,164,126,181,259,223,149],"class_list":["post-8211","podcast","type-podcast","status-publish","has-post-thumbnail","hentry","podcastfilter-apprentissage","podcastfilter-ecologie","podcastfilter-economie","podcastfilter-education","podcastfilter-emploi","podcastfilter-social","podcastfilter-solidaire","podcastfilter-solidarite"],"_links":{"self":[{"href":"https:\/\/radio-aviva.com\/perpignan\/wp-json\/wp\/v2\/podcast\/8211","targetHints":{"allow":["GET"]}}],"collection":[{"href":"https:\/\/radio-aviva.com\/perpignan\/wp-json\/wp\/v2\/podcast"}],"about":[{"href":"https:\/\/radio-aviva.com\/perpignan\/wp-json\/wp\/v2\/types\/podcast"}],"author":[{"embeddable":true,"href":"https:\/\/radio-aviva.com\/perpignan\/wp-json\/wp\/v2\/users\/337"}],"version-history":[{"count":0,"href":"https:\/\/radio-aviva.com\/perpignan\/wp-json\/wp\/v2\/podcast\/8211\/revisions"}],"wp:featuredmedia":[{"embeddable":true,"href":"https:\/\/radio-aviva.com\/perpignan\/wp-json\/wp\/v2\/media\/8212"}],"wp:attachment":[{"href":"https:\/\/radio-aviva.com\/perpignan\/wp-json\/wp\/v2\/media?parent=8211"}],"wp:term":[{"taxonomy":"post_tag","embeddable":true,"href":"https:\/\/radio-aviva.com\/perpignan\/wp-json\/wp\/v2\/tags?post=8211"},{"taxonomy":"podcastfilter","embeddable":true,"href":"https:\/\/radio-aviva.com\/perpignan\/wp-json\/wp\/v2\/podcastfilter?post=8211"}],"curies":[{"name":"wp","href":"https:\/\/api.w.org\/{rel}","templated":true}]}}

<p>Le président de la recyclerie d&rsquo;Elne, Roger Carrere, vient nous présenter leurs actions en faveur des publics défavorisés et sans emploi avec comme support le recyclage d&rsquo;objets .</p>
