{"id":8251,"date":"2023-11-30T09:45:23","date_gmt":"2023-11-30T08:45:23","guid":{"rendered":"https:\/\/radio-aviva.com\/perpignan\/?post_type=podcast&#038;p=8251"},"modified":"2023-11-27T12:23:31","modified_gmt":"2023-11-27T11:23:31","slug":"la-fete-de-la-saint-eloi-laurent-fonquernie-historien","status":"publish","type":"podcast","link":"https:\/\/radio-aviva.com\/perpignan\/podcast\/la-fete-de-la-saint-eloi-laurent-fonquernie-historien\/","title":{"rendered":"LA F\u00caTE DE LA SAINT ELOI &#8211; LAURENT FONQUERNIE, HISTORIEN"},"content":{"rendered":"<p>L&rsquo;\u00e9v\u00e9nement fort du calendrier hivernal de Perpignan \u00e0 l\u2019entr\u00e9e des f\u00eates de No\u00ebl s\u2019appelle la Saint \u00c9loi. Toute la ville se met aux couleurs sang-et-or afin de c\u00e9l\u00e9brer la tradition de fabrication de bijoux n\u00e9e ici. Laurent Fonquernie, l&rsquo;un des organisateurs, vient nous pr\u00e9senter cette mythique f\u00eate.<\/p>\n","protected":false},"author":337,"featured_media":8253,"template":"","tags":[],"podcastfilter":[260,144,151],"class_list":["post-8251","podcast","type-podcast","status-publish","has-post-thumbnail","hentry","podcastfilter-catalanite","podcastfilter-histoire","podcastfilter-patrimoine"],"_links":{"self":[{"href":"https:\/\/radio-aviva.com\/perpignan\/wp-json\/wp\/v2\/podcast\/8251","targetHints":{"allow":["GET"]}}],"collection":[{"href":"https:\/\/radio-aviva.com\/perpignan\/wp-json\/wp\/v2\/podcast"}],"about":[{"href":"https:\/\/radio-aviva.com\/perpignan\/wp-json\/wp\/v2\/types\/podcast"}],"author":[{"embeddable":true,"href":"https:\/\/radio-aviva.com\/perpignan\/wp-json\/wp\/v2\/users\/337"}],"version-history":[{"count":0,"href":"https:\/\/radio-aviva.com\/perpignan\/wp-json\/wp\/v2\/podcast\/8251\/revisions"}],"wp:featuredmedia":[{"embeddable":true,"href":"https:\/\/radio-aviva.com\/perpignan\/wp-json\/wp\/v2\/media\/8253"}],"wp:attachment":[{"href":"https:\/\/radio-aviva.com\/perpignan\/wp-json\/wp\/v2\/media?parent=8251"}],"wp:term":[{"taxonomy":"post_tag","embeddable":true,"href":"https:\/\/radio-aviva.com\/perpignan\/wp-json\/wp\/v2\/tags?post=8251"},{"taxonomy":"podcastfilter","embeddable":true,"href":"https:\/\/radio-aviva.com\/perpignan\/wp-json\/wp\/v2\/podcastfilter?post=8251"}],"curies":[{"name":"wp","href":"https:\/\/api.w.org\/{rel}","templated":true}]}}

LA FÊTE DE LA SAINT ELOI &#8211; LAURENT FONQUERNIE, HISTORIEN

<p>L&rsquo;événement fort du calendrier hivernal de Perpignan à l’entrée des fêtes de Noël s’appelle la Saint Éloi. Toute la ville se met aux couleurs sang-et-or afin de célébrer la tradition de fabrication de bijoux née ici. Laurent Fonquernie, l&rsquo;un des organisateurs, vient nous présenter cette mythique fête.</p>
