{"id":8255,"date":"2023-11-29T12:00:43","date_gmt":"2023-11-29T11:00:43","guid":{"rendered":"https:\/\/radio-aviva.com\/perpignan\/?post_type=podcast&#038;p=8255"},"modified":"2023-11-29T12:47:28","modified_gmt":"2023-11-29T11:47:28","slug":"canigo-angels-et-sa-rencontre-du-1er-decembre-henri-jean-puig-co-fondateur","status":"publish","type":"podcast","link":"https:\/\/radio-aviva.com\/perpignan\/podcast\/canigo-angels-et-sa-rencontre-du-1er-decembre-henri-jean-puig-co-fondateur\/","title":{"rendered":"CANIGO ANGELS ET SA RENCONTRE DU 1ER DECEMBRE &#8211; HENRI JEAN PUIG, CO-FONDATEUR"},"content":{"rendered":"<p>Le 1er d\u00e9cembre prochain, les investisseurs priv\u00e9s membres de Canig\u00f3 Angels partageront leur exp\u00e9rience et leur passion pour l\u2019entrepreneuriat avec les cr\u00e9atrices et les cr\u00e9ateurs de start-up des Pyr\u00e9n\u00e9es-Orientales ayant besoin de fonds et de conseils pour d\u00e9velopper leur produit ou leur service innovant. Henry-Jean Puig, co-animateur de l&rsquo;\u00e9v\u00e9nement, vient nous pr\u00e9senter la journ\u00e9e et les actions en faveur de l&rsquo;\u00e9conomie locale.<\/p>\n","protected":false},"author":337,"featured_media":8260,"template":"","tags":[],"podcastfilter":[164,255,175,278,277],"class_list":["post-8255","podcast","type-podcast","status-publish","has-post-thumbnail","hentry","podcastfilter-economie","podcastfilter-evenement","podcastfilter-invite-de-la-redaction","podcastfilter-rencontre","podcastfilter-start-up"],"_links":{"self":[{"href":"https:\/\/radio-aviva.com\/perpignan\/wp-json\/wp\/v2\/podcast\/8255","targetHints":{"allow":["GET"]}}],"collection":[{"href":"https:\/\/radio-aviva.com\/perpignan\/wp-json\/wp\/v2\/podcast"}],"about":[{"href":"https:\/\/radio-aviva.com\/perpignan\/wp-json\/wp\/v2\/types\/podcast"}],"author":[{"embeddable":true,"href":"https:\/\/radio-aviva.com\/perpignan\/wp-json\/wp\/v2\/users\/337"}],"version-history":[{"count":0,"href":"https:\/\/radio-aviva.com\/perpignan\/wp-json\/wp\/v2\/podcast\/8255\/revisions"}],"wp:featuredmedia":[{"embeddable":true,"href":"https:\/\/radio-aviva.com\/perpignan\/wp-json\/wp\/v2\/media\/8260"}],"wp:attachment":[{"href":"https:\/\/radio-aviva.com\/perpignan\/wp-json\/wp\/v2\/media?parent=8255"}],"wp:term":[{"taxonomy":"post_tag","embeddable":true,"href":"https:\/\/radio-aviva.com\/perpignan\/wp-json\/wp\/v2\/tags?post=8255"},{"taxonomy":"podcastfilter","embeddable":true,"href":"https:\/\/radio-aviva.com\/perpignan\/wp-json\/wp\/v2\/podcastfilter?post=8255"}],"curies":[{"name":"wp","href":"https:\/\/api.w.org\/{rel}","templated":true}]}}

<p>Le 1er décembre prochain, les investisseurs privés membres de Canigó Angels partageront leur expérience et leur passion pour l’entrepreneuriat avec les créatrices et les créateurs de start-up des Pyrénées-Orientales ayant besoin de fonds et de conseils pour développer leur produit ou leur service innovant. Henry-Jean Puig, co-animateur de l&rsquo;événement, vient nous présenter la journée et les actions en faveur de l&rsquo;économie locale.</p>
