{"id":8302,"date":"2023-11-29T09:45:40","date_gmt":"2023-11-29T08:45:40","guid":{"rendered":"https:\/\/radio-aviva.com\/perpignan\/?post_type=podcast&#038;p=8302"},"modified":"2023-11-30T09:56:30","modified_gmt":"2023-11-30T08:56:30","slug":"expo-off-au-cddfa-jean-scotto-vice-president-cerlce-algerianiste-de-pepignan-2-2","status":"publish","type":"podcast","link":"https:\/\/radio-aviva.com\/perpignan\/podcast\/expo-off-au-cddfa-jean-scotto-vice-president-cerlce-algerianiste-de-pepignan-2-2\/","title":{"rendered":"EXPO OFF AU CDDFA- JEAN SCOTTO, VICE-PRESIDENT, CERLCE ALGERIANISTE DE PEPIGNAN"},"content":{"rendered":"<p>Lors du Vernissage de l&rsquo;exposition du Off du Cercle alg\u00e9rianiste de Perpignan, Jean Scotto son vice pr\u00e9sident, \u00a0nous a accueilli \u00e0 l&rsquo;ancien couvent-sainte clair. R\u00e9habilit\u00e9 en mus\u00e9e par l&rsquo;association, ses objectifs sont de transmettre, explorer, enrichir et analyser le patrimoine mat\u00e9riel et immat\u00e9riel des Fran\u00e7ais d\u2019Alg\u00e9rie par la cr\u00e9ation.<\/p>\n","protected":false},"author":337,"featured_media":8303,"template":"","tags":[],"podcastfilter":[190,127,134,234,273,151,109],"class_list":["post-8302","podcast","type-podcast","status-publish","has-post-thumbnail","hentry","podcastfilter-association","podcastfilter-culture-et-compagnie","podcastfilter-exposition","podcastfilter-interculturel","podcastfilter-interreligieux","podcastfilter-patrimoine","podcastfilter-perpignan"],"_links":{"self":[{"href":"https:\/\/radio-aviva.com\/perpignan\/wp-json\/wp\/v2\/podcast\/8302","targetHints":{"allow":["GET"]}}],"collection":[{"href":"https:\/\/radio-aviva.com\/perpignan\/wp-json\/wp\/v2\/podcast"}],"about":[{"href":"https:\/\/radio-aviva.com\/perpignan\/wp-json\/wp\/v2\/types\/podcast"}],"author":[{"embeddable":true,"href":"https:\/\/radio-aviva.com\/perpignan\/wp-json\/wp\/v2\/users\/337"}],"version-history":[{"count":0,"href":"https:\/\/radio-aviva.com\/perpignan\/wp-json\/wp\/v2\/podcast\/8302\/revisions"}],"wp:featuredmedia":[{"embeddable":true,"href":"https:\/\/radio-aviva.com\/perpignan\/wp-json\/wp\/v2\/media\/8303"}],"wp:attachment":[{"href":"https:\/\/radio-aviva.com\/perpignan\/wp-json\/wp\/v2\/media?parent=8302"}],"wp:term":[{"taxonomy":"post_tag","embeddable":true,"href":"https:\/\/radio-aviva.com\/perpignan\/wp-json\/wp\/v2\/tags?post=8302"},{"taxonomy":"podcastfilter","embeddable":true,"href":"https:\/\/radio-aviva.com\/perpignan\/wp-json\/wp\/v2\/podcastfilter?post=8302"}],"curies":[{"name":"wp","href":"https:\/\/api.w.org\/{rel}","templated":true}]}}

<p>Lors du Vernissage de l&rsquo;exposition du Off du Cercle algérianiste de Perpignan, Jean Scotto son vice président,  nous a accueilli à l&rsquo;ancien couvent-sainte clair. Réhabilité en musée par l&rsquo;association, ses objectifs sont de transmettre, explorer, enrichir et analyser le patrimoine matériel et immatériel des Français d’Algérie par la création.</p>
