{"id":8314,"date":"2023-12-01T12:00:25","date_gmt":"2023-12-01T11:00:25","guid":{"rendered":"https:\/\/radio-aviva.com\/perpignan\/?post_type=podcast&#038;p=8314"},"modified":"2023-12-01T15:02:11","modified_gmt":"2023-12-01T14:02:11","slug":"journee-mondiale-contre-le-sida-stephane-fabre-animateur-la-maison-de-vie-du-roussillon","status":"publish","type":"podcast","link":"https:\/\/radio-aviva.com\/perpignan\/podcast\/journee-mondiale-contre-le-sida-stephane-fabre-animateur-la-maison-de-vie-du-roussillon\/","title":{"rendered":"JOURNEE MONDIALE CONTRE LE SIDA &#8211; STEPHANE FABRE, ANIMATEUR LA MAISON DE VIE DU ROUSSILLON"},"content":{"rendered":"<p>En cette journ\u00e9e mondiale contre le sida, St\u00e9phane Fabre, animateur de pr\u00e9vention chez la maison de vie du Roussillon, vient nous pr\u00e9senter son association et les actions qu&rsquo;ils mettent en place.<\/p>\n","protected":false},"author":337,"featured_media":8317,"template":"","tags":[],"podcastfilter":[190,175,109,119,259,223],"class_list":["post-8314","podcast","type-podcast","status-publish","has-post-thumbnail","hentry","podcastfilter-association","podcastfilter-invite-de-la-redaction","podcastfilter-perpignan","podcastfilter-sante","podcastfilter-social","podcastfilter-solidaire"],"_links":{"self":[{"href":"https:\/\/radio-aviva.com\/perpignan\/wp-json\/wp\/v2\/podcast\/8314","targetHints":{"allow":["GET"]}}],"collection":[{"href":"https:\/\/radio-aviva.com\/perpignan\/wp-json\/wp\/v2\/podcast"}],"about":[{"href":"https:\/\/radio-aviva.com\/perpignan\/wp-json\/wp\/v2\/types\/podcast"}],"author":[{"embeddable":true,"href":"https:\/\/radio-aviva.com\/perpignan\/wp-json\/wp\/v2\/users\/337"}],"version-history":[{"count":0,"href":"https:\/\/radio-aviva.com\/perpignan\/wp-json\/wp\/v2\/podcast\/8314\/revisions"}],"wp:featuredmedia":[{"embeddable":true,"href":"https:\/\/radio-aviva.com\/perpignan\/wp-json\/wp\/v2\/media\/8317"}],"wp:attachment":[{"href":"https:\/\/radio-aviva.com\/perpignan\/wp-json\/wp\/v2\/media?parent=8314"}],"wp:term":[{"taxonomy":"post_tag","embeddable":true,"href":"https:\/\/radio-aviva.com\/perpignan\/wp-json\/wp\/v2\/tags?post=8314"},{"taxonomy":"podcastfilter","embeddable":true,"href":"https:\/\/radio-aviva.com\/perpignan\/wp-json\/wp\/v2\/podcastfilter?post=8314"}],"curies":[{"name":"wp","href":"https:\/\/api.w.org\/{rel}","templated":true}]}}

<p>En cette journée mondiale contre le sida, Stéphane Fabre, animateur de prévention chez la maison de vie du Roussillon, vient nous présenter son association et les actions qu&rsquo;ils mettent en place.</p>
