{"id":8318,"date":"2023-12-06T09:45:52","date_gmt":"2023-12-06T08:45:52","guid":{"rendered":"https:\/\/radio-aviva.com\/perpignan\/?post_type=podcast&#038;p=8318"},"modified":"2023-12-06T10:02:00","modified_gmt":"2023-12-06T09:02:00","slug":"le-duo-canticel-catherine-dagois-chanteuse","status":"publish","type":"podcast","link":"https:\/\/radio-aviva.com\/perpignan\/podcast\/le-duo-canticel-catherine-dagois-chanteuse\/","title":{"rendered":"LE DUO CANTICEL &#8211; CATHERINE DAGOIS, CHANTEUSE"},"content":{"rendered":"<p>\u00ab Cant \u00bb comme chant en catalan leur patrie de c\u0153ur, Catherine et Edgar couple dans la vie comme \u00e0 la sc\u00e8ne, vivent ensemble de leur passion pour la musique et le chant. Il y a 36 ans, ils d\u00e9cident de lancer leur propre formation musicale \u00ab\u00a0Le Duo Canticel\u00a0\u00bb. Une belle aventure qui se font un plaisir de nous pr\u00e9senter au micro de Radio Aviva.<\/p>\n","protected":false},"author":337,"featured_media":8321,"template":"","tags":[],"podcastfilter":[170,271,209,272,165,151,200],"class_list":["post-8318","podcast","type-podcast","status-publish","has-post-thumbnail","hentry","podcastfilter-actions-culturelles","podcastfilter-chant","podcastfilter-concert","podcastfilter-culture","podcastfilter-culture-compagnie","podcastfilter-patrimoine","podcastfilter-spectacle"],"_links":{"self":[{"href":"https:\/\/radio-aviva.com\/perpignan\/wp-json\/wp\/v2\/podcast\/8318","targetHints":{"allow":["GET"]}}],"collection":[{"href":"https:\/\/radio-aviva.com\/perpignan\/wp-json\/wp\/v2\/podcast"}],"about":[{"href":"https:\/\/radio-aviva.com\/perpignan\/wp-json\/wp\/v2\/types\/podcast"}],"author":[{"embeddable":true,"href":"https:\/\/radio-aviva.com\/perpignan\/wp-json\/wp\/v2\/users\/337"}],"version-history":[{"count":0,"href":"https:\/\/radio-aviva.com\/perpignan\/wp-json\/wp\/v2\/podcast\/8318\/revisions"}],"wp:featuredmedia":[{"embeddable":true,"href":"https:\/\/radio-aviva.com\/perpignan\/wp-json\/wp\/v2\/media\/8321"}],"wp:attachment":[{"href":"https:\/\/radio-aviva.com\/perpignan\/wp-json\/wp\/v2\/media?parent=8318"}],"wp:term":[{"taxonomy":"post_tag","embeddable":true,"href":"https:\/\/radio-aviva.com\/perpignan\/wp-json\/wp\/v2\/tags?post=8318"},{"taxonomy":"podcastfilter","embeddable":true,"href":"https:\/\/radio-aviva.com\/perpignan\/wp-json\/wp\/v2\/podcastfilter?post=8318"}],"curies":[{"name":"wp","href":"https:\/\/api.w.org\/{rel}","templated":true}]}}

<p>« Cant » comme chant en catalan leur patrie de cœur, Catherine et Edgar couple dans la vie comme à la scène, vivent ensemble de leur passion pour la musique et le chant. Il y a 36 ans, ils décident de lancer leur propre formation musicale « Le Duo Canticel ». Une belle aventure qui se font un plaisir de nous présenter au micro de Radio Aviva.</p>
