{"id":8324,"date":"2023-12-05T12:10:39","date_gmt":"2023-12-05T11:10:39","guid":{"rendered":"https:\/\/radio-aviva.com\/perpignan\/?post_type=podcast&#038;p=8324"},"modified":"2023-11-30T15:36:53","modified_gmt":"2023-11-30T14:36:53","slug":"un-max-de-bruit-contre-le-sida-amelie-justine-infirmiere-cegidd","status":"publish","type":"podcast","link":"https:\/\/radio-aviva.com\/perpignan\/podcast\/un-max-de-bruit-contre-le-sida-amelie-justine-infirmiere-cegidd\/","title":{"rendered":"UN MAX DE BRUIT CONTRE LE SIDA &#8211; AMELIE JUSTINE, INFIRMIERE CEGIDD"},"content":{"rendered":"<p>L&rsquo;\u00e9volution des recherches en mati\u00e8re de SIDA ces derni\u00e8res ann\u00e9es et de l&rsquo;\u00e9v\u00e9nement \u00ab\u00a0Un max de bruit contre le SIDA\u00a0\u00bb<\/p>\n","protected":false},"author":337,"featured_media":8326,"template":"","tags":[],"podcastfilter":[175,109,119,149],"class_list":["post-8324","podcast","type-podcast","status-publish","has-post-thumbnail","hentry","podcastfilter-invite-de-la-redaction","podcastfilter-perpignan","podcastfilter-sante","podcastfilter-solidarite"],"_links":{"self":[{"href":"https:\/\/radio-aviva.com\/perpignan\/wp-json\/wp\/v2\/podcast\/8324","targetHints":{"allow":["GET"]}}],"collection":[{"href":"https:\/\/radio-aviva.com\/perpignan\/wp-json\/wp\/v2\/podcast"}],"about":[{"href":"https:\/\/radio-aviva.com\/perpignan\/wp-json\/wp\/v2\/types\/podcast"}],"author":[{"embeddable":true,"href":"https:\/\/radio-aviva.com\/perpignan\/wp-json\/wp\/v2\/users\/337"}],"version-history":[{"count":0,"href":"https:\/\/radio-aviva.com\/perpignan\/wp-json\/wp\/v2\/podcast\/8324\/revisions"}],"wp:featuredmedia":[{"embeddable":true,"href":"https:\/\/radio-aviva.com\/perpignan\/wp-json\/wp\/v2\/media\/8326"}],"wp:attachment":[{"href":"https:\/\/radio-aviva.com\/perpignan\/wp-json\/wp\/v2\/media?parent=8324"}],"wp:term":[{"taxonomy":"post_tag","embeddable":true,"href":"https:\/\/radio-aviva.com\/perpignan\/wp-json\/wp\/v2\/tags?post=8324"},{"taxonomy":"podcastfilter","embeddable":true,"href":"https:\/\/radio-aviva.com\/perpignan\/wp-json\/wp\/v2\/podcastfilter?post=8324"}],"curies":[{"name":"wp","href":"https:\/\/api.w.org\/{rel}","templated":true}]}}

<p>L&rsquo;évolution des recherches en matière de SIDA ces dernières années et de l&rsquo;événement « Un max de bruit contre le SIDA »</p>
